{"id":1059,"date":"2021-07-07T16:57:43","date_gmt":"2021-07-07T14:57:43","guid":{"rendered":"http:\/\/campome.com\/?page_id=1059"},"modified":"2026-03-03T09:28:49","modified_gmt":"2026-03-03T08:28:49","slug":"salle-polyvalente","status":"publish","type":"page","link":"https:\/\/campome.com\/index.php\/salle-polyvalente\/","title":{"rendered":"Salle polyvalente"},"content":{"rendered":"\n<figure class=\"wp-block-gallery has-nested-images columns-default is-cropped wp-block-gallery-1 is-layout-flex wp-block-gallery-is-layout-flex\">\n<figure class=\"wp-block-image size-large\"><img loading=\"lazy\" decoding=\"async\" width=\"1024\" height=\"768\" data-id=\"1827\" src=\"https:\/\/campome.com\/wp-content\/uploads\/2022\/11\/IMG_20221118_103945-1-1024x768.jpg\" alt=\"\" class=\"wp-image-1827\" srcset=\"https:\/\/campome.com\/wp-content\/uploads\/2022\/11\/IMG_20221118_103945-1-1024x768.jpg 1024w, https:\/\/campome.com\/wp-content\/uploads\/2022\/11\/IMG_20221118_103945-1-300x225.jpg 300w, https:\/\/campome.com\/wp-content\/uploads\/2022\/11\/IMG_20221118_103945-1-768x576.jpg 768w, https:\/\/campome.com\/wp-content\/uploads\/2022\/11\/IMG_20221118_103945-1-1536x1152.jpg 1536w, https:\/\/campome.com\/wp-content\/uploads\/2022\/11\/IMG_20221118_103945-1-2048x1536.jpg 2048w, https:\/\/campome.com\/wp-content\/uploads\/2022\/11\/IMG_20221118_103945-1-16x12.jpg 16w, https:\/\/campome.com\/wp-content\/uploads\/2022\/11\/IMG_20221118_103945-1-900x675.jpg 900w, https:\/\/campome.com\/wp-content\/uploads\/2022\/11\/IMG_20221118_103945-1-1280x960.jpg 1280w\" sizes=\"auto, (max-width: 1024px) 100vw, 1024px\" \/><\/figure>\n\n\n\n<figure class=\"wp-block-image size-large\"><img loading=\"lazy\" decoding=\"async\" width=\"768\" height=\"1024\" data-id=\"2580\" src=\"https:\/\/campome.com\/wp-content\/uploads\/2026\/03\/Chariot-et-rac-CDF-768x1024.jpg\" alt=\"\" class=\"wp-image-2580\" srcset=\"https:\/\/campome.com\/wp-content\/uploads\/2026\/03\/Chariot-et-rac-CDF-768x1024.jpg 768w, https:\/\/campome.com\/wp-content\/uploads\/2026\/03\/Chariot-et-rac-CDF-225x300.jpg 225w, https:\/\/campome.com\/wp-content\/uploads\/2026\/03\/Chariot-et-rac-CDF-1152x1536.jpg 1152w, https:\/\/campome.com\/wp-content\/uploads\/2026\/03\/Chariot-et-rac-CDF-9x12.jpg 9w, https:\/\/campome.com\/wp-content\/uploads\/2026\/03\/Chariot-et-rac-CDF-900x1200.jpg 900w, https:\/\/campome.com\/wp-content\/uploads\/2026\/03\/Chariot-et-rac-CDF-1280x1707.jpg 1280w, https:\/\/campome.com\/wp-content\/uploads\/2026\/03\/Chariot-et-rac-CDF.jpg 1536w\" sizes=\"auto, (max-width: 768px) 100vw, 768px\" \/><\/figure>\n\n\n\n<figure class=\"wp-block-image size-large\"><img loading=\"lazy\" decoding=\"async\" width=\"1024\" height=\"768\" data-id=\"2577\" src=\"https:\/\/campome.com\/wp-content\/uploads\/2026\/03\/Cuisine-salle-polyvalente-2026-2-1024x768.jpg\" alt=\"\" class=\"wp-image-2577\" srcset=\"https:\/\/campome.com\/wp-content\/uploads\/2026\/03\/Cuisine-salle-polyvalente-2026-2-1024x768.jpg 1024w, https:\/\/campome.com\/wp-content\/uploads\/2026\/03\/Cuisine-salle-polyvalente-2026-2-300x225.jpg 300w, https:\/\/campome.com\/wp-content\/uploads\/2026\/03\/Cuisine-salle-polyvalente-2026-2-768x576.jpg 768w, https:\/\/campome.com\/wp-content\/uploads\/2026\/03\/Cuisine-salle-polyvalente-2026-2-1536x1152.jpg 1536w, https:\/\/campome.com\/wp-content\/uploads\/2026\/03\/Cuisine-salle-polyvalente-2026-2-2048x1536.jpg 2048w, https:\/\/campome.com\/wp-content\/uploads\/2026\/03\/Cuisine-salle-polyvalente-2026-2-16x12.jpg 16w, https:\/\/campome.com\/wp-content\/uploads\/2026\/03\/Cuisine-salle-polyvalente-2026-2-900x675.jpg 900w, https:\/\/campome.com\/wp-content\/uploads\/2026\/03\/Cuisine-salle-polyvalente-2026-2-1280x960.jpg 1280w\" sizes=\"auto, (max-width: 1024px) 100vw, 1024px\" \/><\/figure>\n\n\n\n<figure class=\"wp-block-image size-large\"><img loading=\"lazy\" decoding=\"async\" width=\"1024\" height=\"768\" data-id=\"1826\" src=\"https:\/\/campome.com\/wp-content\/uploads\/2022\/11\/IMG_20221118_103929-1024x768.jpg\" alt=\"\" class=\"wp-image-1826\" srcset=\"https:\/\/campome.com\/wp-content\/uploads\/2022\/11\/IMG_20221118_103929-1024x768.jpg 1024w, https:\/\/campome.com\/wp-content\/uploads\/2022\/11\/IMG_20221118_103929-300x225.jpg 300w, https:\/\/campome.com\/wp-content\/uploads\/2022\/11\/IMG_20221118_103929-768x576.jpg 768w, https:\/\/campome.com\/wp-content\/uploads\/2022\/11\/IMG_20221118_103929-1536x1152.jpg 1536w, https:\/\/campome.com\/wp-content\/uploads\/2022\/11\/IMG_20221118_103929-2048x1536.jpg 2048w, https:\/\/campome.com\/wp-content\/uploads\/2022\/11\/IMG_20221118_103929-16x12.jpg 16w, https:\/\/campome.com\/wp-content\/uploads\/2022\/11\/IMG_20221118_103929-900x675.jpg 900w, https:\/\/campome.com\/wp-content\/uploads\/2022\/11\/IMG_20221118_103929-1280x960.jpg 1280w\" sizes=\"auto, (max-width: 1024px) 100vw, 1024px\" \/><\/figure>\n<\/figure>\n\n\n\n<figure class=\"wp-block-gallery has-nested-images columns-default is-cropped wp-block-gallery-2 is-layout-flex wp-block-gallery-is-layout-flex\">\n<figure class=\"wp-block-image size-large\"><img loading=\"lazy\" decoding=\"async\" width=\"1024\" height=\"768\" data-id=\"2578\" src=\"https:\/\/campome.com\/wp-content\/uploads\/2026\/03\/Cuisine-salle-polyvalente-2026-1-1024x768.jpg\" alt=\"\" class=\"wp-image-2578\" srcset=\"https:\/\/campome.com\/wp-content\/uploads\/2026\/03\/Cuisine-salle-polyvalente-2026-1-1024x768.jpg 1024w, https:\/\/campome.com\/wp-content\/uploads\/2026\/03\/Cuisine-salle-polyvalente-2026-1-300x225.jpg 300w, https:\/\/campome.com\/wp-content\/uploads\/2026\/03\/Cuisine-salle-polyvalente-2026-1-768x576.jpg 768w, https:\/\/campome.com\/wp-content\/uploads\/2026\/03\/Cuisine-salle-polyvalente-2026-1-1536x1152.jpg 1536w, https:\/\/campome.com\/wp-content\/uploads\/2026\/03\/Cuisine-salle-polyvalente-2026-1-2048x1536.jpg 2048w, https:\/\/campome.com\/wp-content\/uploads\/2026\/03\/Cuisine-salle-polyvalente-2026-1-16x12.jpg 16w, https:\/\/campome.com\/wp-content\/uploads\/2026\/03\/Cuisine-salle-polyvalente-2026-1-900x675.jpg 900w, https:\/\/campome.com\/wp-content\/uploads\/2026\/03\/Cuisine-salle-polyvalente-2026-1-1280x960.jpg 1280w\" sizes=\"auto, (max-width: 1024px) 100vw, 1024px\" \/><\/figure>\n\n\n\n<figure class=\"wp-block-image size-large\"><img loading=\"lazy\" decoding=\"async\" width=\"1024\" height=\"768\" data-id=\"1831\" src=\"https:\/\/campome.com\/wp-content\/uploads\/2022\/11\/IMG_20221118_102442-1024x768.jpg\" alt=\"\" class=\"wp-image-1831\" srcset=\"https:\/\/campome.com\/wp-content\/uploads\/2022\/11\/IMG_20221118_102442-1024x768.jpg 1024w, https:\/\/campome.com\/wp-content\/uploads\/2022\/11\/IMG_20221118_102442-300x225.jpg 300w, https:\/\/campome.com\/wp-content\/uploads\/2022\/11\/IMG_20221118_102442-768x576.jpg 768w, https:\/\/campome.com\/wp-content\/uploads\/2022\/11\/IMG_20221118_102442-1536x1152.jpg 1536w, https:\/\/campome.com\/wp-content\/uploads\/2022\/11\/IMG_20221118_102442-2048x1536.jpg 2048w, https:\/\/campome.com\/wp-content\/uploads\/2022\/11\/IMG_20221118_102442-16x12.jpg 16w, https:\/\/campome.com\/wp-content\/uploads\/2022\/11\/IMG_20221118_102442-900x675.jpg 900w, https:\/\/campome.com\/wp-content\/uploads\/2022\/11\/IMG_20221118_102442-1280x960.jpg 1280w\" sizes=\"auto, (max-width: 1024px) 100vw, 1024px\" \/><\/figure>\n\n\n\n<figure class=\"wp-block-image size-large\"><img loading=\"lazy\" decoding=\"async\" width=\"1024\" height=\"768\" data-id=\"1830\" src=\"https:\/\/campome.com\/wp-content\/uploads\/2022\/11\/IMG_20221118_103831-1024x768.jpg\" alt=\"\" class=\"wp-image-1830\" srcset=\"https:\/\/campome.com\/wp-content\/uploads\/2022\/11\/IMG_20221118_103831-1024x768.jpg 1024w, https:\/\/campome.com\/wp-content\/uploads\/2022\/11\/IMG_20221118_103831-300x225.jpg 300w, https:\/\/campome.com\/wp-content\/uploads\/2022\/11\/IMG_20221118_103831-768x576.jpg 768w, https:\/\/campome.com\/wp-content\/uploads\/2022\/11\/IMG_20221118_103831-1536x1152.jpg 1536w, https:\/\/campome.com\/wp-content\/uploads\/2022\/11\/IMG_20221118_103831-2048x1536.jpg 2048w, https:\/\/campome.com\/wp-content\/uploads\/2022\/11\/IMG_20221118_103831-16x12.jpg 16w, https:\/\/campome.com\/wp-content\/uploads\/2022\/11\/IMG_20221118_103831-900x675.jpg 900w, https:\/\/campome.com\/wp-content\/uploads\/2022\/11\/IMG_20221118_103831-1280x960.jpg 1280w\" sizes=\"auto, (max-width: 1024px) 100vw, 1024px\" \/><\/figure>\n<\/figure>\n\n\n\n<figure class=\"wp-block-gallery has-nested-images columns-default is-cropped wp-block-gallery-3 is-layout-flex wp-block-gallery-is-layout-flex\">\n<figure class=\"wp-block-image size-large\"><img loading=\"lazy\" decoding=\"async\" width=\"1024\" height=\"768\" data-id=\"1093\" src=\"https:\/\/campome.com\/wp-content\/uploads\/2021\/07\/balancoire-3-1024x768.jpg\" alt=\"\" class=\"wp-image-1093\" srcset=\"https:\/\/campome.com\/wp-content\/uploads\/2021\/07\/balancoire-3-1024x768.jpg 1024w, https:\/\/campome.com\/wp-content\/uploads\/2021\/07\/balancoire-3-300x225.jpg 300w, https:\/\/campome.com\/wp-content\/uploads\/2021\/07\/balancoire-3-768x576.jpg 768w, https:\/\/campome.com\/wp-content\/uploads\/2021\/07\/balancoire-3-1536x1152.jpg 1536w, https:\/\/campome.com\/wp-content\/uploads\/2021\/07\/balancoire-3-2048x1536.jpg 2048w, https:\/\/campome.com\/wp-content\/uploads\/2021\/07\/balancoire-3-900x675.jpg 900w, https:\/\/campome.com\/wp-content\/uploads\/2021\/07\/balancoire-3-1280x960.jpg 1280w\" sizes=\"auto, (max-width: 1024px) 100vw, 1024px\" \/><\/figure>\n\n\n\n<figure class=\"wp-block-image size-large\"><img loading=\"lazy\" decoding=\"async\" width=\"1024\" height=\"768\" data-id=\"1094\" src=\"https:\/\/campome.com\/wp-content\/uploads\/2021\/07\/Piste-danse-5-1024x768.jpg\" alt=\"\" class=\"wp-image-1094\" srcset=\"https:\/\/campome.com\/wp-content\/uploads\/2021\/07\/Piste-danse-5-1024x768.jpg 1024w, https:\/\/campome.com\/wp-content\/uploads\/2021\/07\/Piste-danse-5-300x225.jpg 300w, https:\/\/campome.com\/wp-content\/uploads\/2021\/07\/Piste-danse-5-768x576.jpg 768w, https:\/\/campome.com\/wp-content\/uploads\/2021\/07\/Piste-danse-5-1536x1152.jpg 1536w, https:\/\/campome.com\/wp-content\/uploads\/2021\/07\/Piste-danse-5-2048x1536.jpg 2048w, https:\/\/campome.com\/wp-content\/uploads\/2021\/07\/Piste-danse-5-900x675.jpg 900w, https:\/\/campome.com\/wp-content\/uploads\/2021\/07\/Piste-danse-5-1280x960.jpg 1280w\" sizes=\"auto, (max-width: 1024px) 100vw, 1024px\" \/><\/figure>\n\n\n\n<figure class=\"wp-block-image size-large\"><img loading=\"lazy\" decoding=\"async\" width=\"1024\" height=\"768\" data-id=\"1095\" src=\"https:\/\/campome.com\/wp-content\/uploads\/2021\/07\/Riviere-4-1024x768.jpg\" alt=\"\" class=\"wp-image-1095\" srcset=\"https:\/\/campome.com\/wp-content\/uploads\/2021\/07\/Riviere-4-1024x768.jpg 1024w, https:\/\/campome.com\/wp-content\/uploads\/2021\/07\/Riviere-4-300x225.jpg 300w, https:\/\/campome.com\/wp-content\/uploads\/2021\/07\/Riviere-4-768x576.jpg 768w, https:\/\/campome.com\/wp-content\/uploads\/2021\/07\/Riviere-4-1536x1152.jpg 1536w, https:\/\/campome.com\/wp-content\/uploads\/2021\/07\/Riviere-4-2048x1536.jpg 2048w, https:\/\/campome.com\/wp-content\/uploads\/2021\/07\/Riviere-4-900x675.jpg 900w, https:\/\/campome.com\/wp-content\/uploads\/2021\/07\/Riviere-4-1280x960.jpg 1280w\" sizes=\"auto, (max-width: 1024px) 100vw, 1024px\" \/><\/figure>\n<\/figure>\n\n\n\n<p>La commune de Camp\u00f4me propose \u00e0 la location sa salle polyvalente d&rsquo;une capacit\u00e9 d&rsquo;accueil de 80 personnes. <\/p>\n\n\n\n<p>Equip\u00e9e d&rsquo;une cuisine avec piano de cuisine, r\u00e9frig\u00e9rateur, cong\u00e9lateur, tables, vaisselle (\u00e0 la demande) chaises, wc, elle vous permettra d&rsquo;organiser vos \u00e9v\u00e8nements familiaux, mariages, anniversaires&#8230;<\/p>\n\n\n\n<p>Ces espaces verts en bord de rivi\u00e8re, son coin barbecue et ses terrains de jeux pour petits et grands vous accueillent pour les beaux jours et  et vos soir\u00e9es d&rsquo;\u00e9t\u00e9.<\/p>\n\n\n\n<p><strong>Tarifs journ\u00e9e<\/strong> : R\u00e9sidents :  20\u20ac             Ext\u00e9rieur :  200\u20ac<\/p>\n\n\n\n<p><strong>Tarifs WE  :<\/strong> R\u00e9sidents : 40\u20ac   Ext\u00e9rieurs : 300\u20ac<\/p>\n\n\n\n<p><strong>Renseignement et r\u00e9servations <\/strong>:                                                                                                                                                    <strong>Jean Louis Bosc : 07 84 46 09 54 &#8211;  jeanlouisbosc66@gmail.com<\/strong> et\/ou <strong> mairie : 04 68 05 02 13<\/strong>  <strong>mairiedecampome@orange.fr<\/strong> (mercredi et samedi 9h-12h)<\/p>\n\n\n\n<p><\/p>\n\n\n\n<p><\/p>\n","protected":false},"excerpt":{"rendered":"<p>La commune de Camp\u00f4me propose \u00e0 la location sa salle polyvalente d&rsquo;une capacit\u00e9 d&rsquo;accueil de 80 personnes. Equip\u00e9e d&rsquo;une cuisine avec piano de cuisine, r\u00e9frig\u00e9rateur, cong\u00e9lateur, tables, vaisselle (\u00e0 la demande) chaises, wc, elle vous permettra d&rsquo;organiser vos \u00e9v\u00e8nements familiaux, mariages, anniversaires&#8230; Ces espaces verts en bord de rivi\u00e8re, son coin barbecue et ses terrains [&hellip;]<\/p>\n","protected":false},"author":1,"featured_media":0,"parent":0,"menu_order":0,"comment_status":"closed","ping_status":"closed","template":"full-width-page-template.php","meta":{"_monsterinsights_skip_tracking":false,"_monsterinsights_sitenote_active":false,"_monsterinsights_sitenote_note":"","_monsterinsights_sitenote_category":0,"footnotes":""},"class_list":["post-1059","page","type-page","status-publish","hentry"],"yoast_head":"<!-- This site is optimized with the Yoast SEO plugin v27.4 - https:\/\/yoast.com\/product\/yoast-seo-wordpress\/ -->\n<title>Salle polyvalente - Mairie de Camp\u00f4me<\/title>\n<meta name=\"robots\" content=\"index, follow, max-snippet:-1, max-image-preview:large, max-video-preview:-1\" \/>\n<link rel=\"canonical\" href=\"https:\/\/campome.com\/index.php\/salle-polyvalente\/\" \/>\n<meta property=\"og:locale\" content=\"fr_FR\" \/>\n<meta property=\"og:type\" content=\"article\" \/>\n<meta property=\"og:title\" content=\"Salle polyvalente - Mairie de Camp\u00f4me\" \/>\n<meta property=\"og:description\" content=\"La commune de Camp\u00f4me propose \u00e0 la location sa salle polyvalente d&rsquo;une capacit\u00e9 d&rsquo;accueil de 80 personnes. Equip\u00e9e d&rsquo;une cuisine avec piano de cuisine, r\u00e9frig\u00e9rateur, cong\u00e9lateur, tables, vaisselle (\u00e0 la demande) chaises, wc, elle vous permettra d&rsquo;organiser vos \u00e9v\u00e8nements familiaux, mariages, anniversaires&#8230; Ces espaces verts en bord de rivi\u00e8re, son coin barbecue et ses terrains [&hellip;]\" \/>\n<meta property=\"og:url\" content=\"https:\/\/campome.com\/index.php\/salle-polyvalente\/\" \/>\n<meta property=\"og:site_name\" content=\"Mairie de Camp\u00f4me\" \/>\n<meta property=\"article:modified_time\" content=\"2026-03-03T08:28:49+00:00\" \/>\n<meta property=\"og:image\" content=\"https:\/\/campome.com\/wp-content\/uploads\/2022\/11\/IMG_20221118_103945-1-scaled.jpg\" \/>\n\t<meta property=\"og:image:width\" content=\"2560\" \/>\n\t<meta property=\"og:image:height\" content=\"1920\" \/>\n\t<meta property=\"og:image:type\" content=\"image\/jpeg\" \/>\n<meta name=\"twitter:card\" content=\"summary_large_image\" \/>\n<meta name=\"twitter:label1\" content=\"Dur\u00e9e de lecture estim\u00e9e\" \/>\n\t<meta name=\"twitter:data1\" content=\"3 minutes\" \/>\n<script type=\"application\/ld+json\" class=\"yoast-schema-graph\">{\"@context\":\"https:\\\/\\\/schema.org\",\"@graph\":[{\"@type\":\"WebPage\",\"@id\":\"https:\\\/\\\/campome.com\\\/index.php\\\/salle-polyvalente\\\/\",\"url\":\"https:\\\/\\\/campome.com\\\/index.php\\\/salle-polyvalente\\\/\",\"name\":\"Salle polyvalente - Mairie de Camp\u00f4me\",\"isPartOf\":{\"@id\":\"https:\\\/\\\/campome.com\\\/#website\"},\"primaryImageOfPage\":{\"@id\":\"https:\\\/\\\/campome.com\\\/index.php\\\/salle-polyvalente\\\/#primaryimage\"},\"image\":{\"@id\":\"https:\\\/\\\/campome.com\\\/index.php\\\/salle-polyvalente\\\/#primaryimage\"},\"thumbnailUrl\":\"https:\\\/\\\/campome.com\\\/wp-content\\\/uploads\\\/2022\\\/11\\\/IMG_20221118_103945-1-1024x768.jpg\",\"datePublished\":\"2021-07-07T14:57:43+00:00\",\"dateModified\":\"2026-03-03T08:28:49+00:00\",\"breadcrumb\":{\"@id\":\"https:\\\/\\\/campome.com\\\/index.php\\\/salle-polyvalente\\\/#breadcrumb\"},\"inLanguage\":\"fr-FR\",\"potentialAction\":[{\"@type\":\"ReadAction\",\"target\":[\"https:\\\/\\\/campome.com\\\/index.php\\\/salle-polyvalente\\\/\"]}]},{\"@type\":\"ImageObject\",\"inLanguage\":\"fr-FR\",\"@id\":\"https:\\\/\\\/campome.com\\\/index.php\\\/salle-polyvalente\\\/#primaryimage\",\"url\":\"https:\\\/\\\/campome.com\\\/wp-content\\\/uploads\\\/2022\\\/11\\\/IMG_20221118_103945-1-scaled.jpg\",\"contentUrl\":\"https:\\\/\\\/campome.com\\\/wp-content\\\/uploads\\\/2022\\\/11\\\/IMG_20221118_103945-1-scaled.jpg\",\"width\":2560,\"height\":1920},{\"@type\":\"BreadcrumbList\",\"@id\":\"https:\\\/\\\/campome.com\\\/index.php\\\/salle-polyvalente\\\/#breadcrumb\",\"itemListElement\":[{\"@type\":\"ListItem\",\"position\":1,\"name\":\"Accueil\",\"item\":\"https:\\\/\\\/campome.com\\\/\"},{\"@type\":\"ListItem\",\"position\":2,\"name\":\"Salle polyvalente\"}]},{\"@type\":\"WebSite\",\"@id\":\"https:\\\/\\\/campome.com\\\/#website\",\"url\":\"https:\\\/\\\/campome.com\\\/\",\"name\":\"Mairie de Camp\u00f4me\",\"description\":\"Bienvenue sur le site de la mairie de Camp\u00f4me\",\"potentialAction\":[{\"@type\":\"SearchAction\",\"target\":{\"@type\":\"EntryPoint\",\"urlTemplate\":\"https:\\\/\\\/campome.com\\\/?s={search_term_string}\"},\"query-input\":{\"@type\":\"PropertyValueSpecification\",\"valueRequired\":true,\"valueName\":\"search_term_string\"}}],\"inLanguage\":\"fr-FR\"}]}<\/script>\n<!-- \/ Yoast SEO plugin. -->","yoast_head_json":{"title":"Salle polyvalente - Mairie de Camp\u00f4me","robots":{"index":"index","follow":"follow","max-snippet":"max-snippet:-1","max-image-preview":"max-image-preview:large","max-video-preview":"max-video-preview:-1"},"canonical":"https:\/\/campome.com\/index.php\/salle-polyvalente\/","og_locale":"fr_FR","og_type":"article","og_title":"Salle polyvalente - Mairie de Camp\u00f4me","og_description":"La commune de Camp\u00f4me propose \u00e0 la location sa salle polyvalente d&rsquo;une capacit\u00e9 d&rsquo;accueil de 80 personnes. Equip\u00e9e d&rsquo;une cuisine avec piano de cuisine, r\u00e9frig\u00e9rateur, cong\u00e9lateur, tables, vaisselle (\u00e0 la demande) chaises, wc, elle vous permettra d&rsquo;organiser vos \u00e9v\u00e8nements familiaux, mariages, anniversaires&#8230; Ces espaces verts en bord de rivi\u00e8re, son coin barbecue et ses terrains [&hellip;]","og_url":"https:\/\/campome.com\/index.php\/salle-polyvalente\/","og_site_name":"Mairie de Camp\u00f4me","article_modified_time":"2026-03-03T08:28:49+00:00","og_image":[{"width":2560,"height":1920,"url":"https:\/\/campome.com\/wp-content\/uploads\/2022\/11\/IMG_20221118_103945-1-scaled.jpg","type":"image\/jpeg"}],"twitter_card":"summary_large_image","twitter_misc":{"Dur\u00e9e de lecture estim\u00e9e":"3 minutes"},"schema":{"@context":"https:\/\/schema.org","@graph":[{"@type":"WebPage","@id":"https:\/\/campome.com\/index.php\/salle-polyvalente\/","url":"https:\/\/campome.com\/index.php\/salle-polyvalente\/","name":"Salle polyvalente - Mairie de Camp\u00f4me","isPartOf":{"@id":"https:\/\/campome.com\/#website"},"primaryImageOfPage":{"@id":"https:\/\/campome.com\/index.php\/salle-polyvalente\/#primaryimage"},"image":{"@id":"https:\/\/campome.com\/index.php\/salle-polyvalente\/#primaryimage"},"thumbnailUrl":"https:\/\/campome.com\/wp-content\/uploads\/2022\/11\/IMG_20221118_103945-1-1024x768.jpg","datePublished":"2021-07-07T14:57:43+00:00","dateModified":"2026-03-03T08:28:49+00:00","breadcrumb":{"@id":"https:\/\/campome.com\/index.php\/salle-polyvalente\/#breadcrumb"},"inLanguage":"fr-FR","potentialAction":[{"@type":"ReadAction","target":["https:\/\/campome.com\/index.php\/salle-polyvalente\/"]}]},{"@type":"ImageObject","inLanguage":"fr-FR","@id":"https:\/\/campome.com\/index.php\/salle-polyvalente\/#primaryimage","url":"https:\/\/campome.com\/wp-content\/uploads\/2022\/11\/IMG_20221118_103945-1-scaled.jpg","contentUrl":"https:\/\/campome.com\/wp-content\/uploads\/2022\/11\/IMG_20221118_103945-1-scaled.jpg","width":2560,"height":1920},{"@type":"BreadcrumbList","@id":"https:\/\/campome.com\/index.php\/salle-polyvalente\/#breadcrumb","itemListElement":[{"@type":"ListItem","position":1,"name":"Accueil","item":"https:\/\/campome.com\/"},{"@type":"ListItem","position":2,"name":"Salle polyvalente"}]},{"@type":"WebSite","@id":"https:\/\/campome.com\/#website","url":"https:\/\/campome.com\/","name":"Mairie de Camp\u00f4me","description":"Bienvenue sur le site de la mairie de Camp\u00f4me","potentialAction":[{"@type":"SearchAction","target":{"@type":"EntryPoint","urlTemplate":"https:\/\/campome.com\/?s={search_term_string}"},"query-input":{"@type":"PropertyValueSpecification","valueRequired":true,"valueName":"search_term_string"}}],"inLanguage":"fr-FR"}]}},"_links":{"self":[{"href":"https:\/\/campome.com\/index.php\/wp-json\/wp\/v2\/pages\/1059","targetHints":{"allow":["GET"]}}],"collection":[{"href":"https:\/\/campome.com\/index.php\/wp-json\/wp\/v2\/pages"}],"about":[{"href":"https:\/\/campome.com\/index.php\/wp-json\/wp\/v2\/types\/page"}],"author":[{"embeddable":true,"href":"https:\/\/campome.com\/index.php\/wp-json\/wp\/v2\/users\/1"}],"replies":[{"embeddable":true,"href":"https:\/\/campome.com\/index.php\/wp-json\/wp\/v2\/comments?post=1059"}],"version-history":[{"count":10,"href":"https:\/\/campome.com\/index.php\/wp-json\/wp\/v2\/pages\/1059\/revisions"}],"predecessor-version":[{"id":2581,"href":"https:\/\/campome.com\/index.php\/wp-json\/wp\/v2\/pages\/1059\/revisions\/2581"}],"wp:attachment":[{"href":"https:\/\/campome.com\/index.php\/wp-json\/wp\/v2\/media?parent=1059"}],"curies":[{"name":"wp","href":"https:\/\/api.w.org\/{rel}","templated":true}]}}