{"id":163,"date":"2020-06-23T19:18:03","date_gmt":"2020-06-23T17:18:03","guid":{"rendered":"http:\/\/campome.com\/?page_id=163"},"modified":"2026-01-14T11:38:42","modified_gmt":"2026-01-14T10:38:42","slug":"infos-pratiques","status":"publish","type":"page","link":"https:\/\/campome.com\/","title":{"rendered":"Accueil"},"content":{"rendered":"\n<p>Accueil<\/p>\n\n\n\n<p>Blotti au pied de<a aria-label=\"undefined (s\u2019ouvre dans un nouvel onglet)\" href=\"http:\/\/campome.com\/index.php\/carmajou\/\" target=\"_blank\" rel=\"noreferrer noopener\"> Carmaj\u00f9<\/a>, arros\u00e9 par la <strong>Castellane<\/strong> qui d\u00e9vale vers la mer                                     Surveill\u00e9 au loin par le majestueux <strong>Canig\u00f2, Camp\u00f4me <\/strong>est un <strong>village m\u00e9di\u00e9val<\/strong> qui a su garder une \u00e2me rurale et un charme discret qu\u2019il faut venir d\u00e9couvrir.                                R\u00e9serv\u00e9, il sait se faire appr\u00e9cier par son calme. Ses <strong>ruelles<\/strong> cachent des <strong>placettes<\/strong>, des <strong>fours \u00e0 pain<\/strong>, des fontaines qui, si on sait les \u00e9couter, racontent des histoires d\u2019antan d\u2019un <strong>monde paysan<\/strong> empreint de <strong>culture catalane<\/strong>.<\/p>\n\n\n\n<div class=\"wp-block-columns is-layout-flex wp-container-core-columns-is-layout-9d6595d7 wp-block-columns-is-layout-flex\">\n<div class=\"wp-block-column is-layout-flow wp-block-column-is-layout-flow\" style=\"flex-basis:100%\">\n<p><strong>                                                                                                              <\/strong><\/p>\n<\/div>\n<\/div>\n\n\n\n<figure class=\"wp-block-gallery has-nested-images columns-default is-cropped wp-block-gallery-1 is-layout-flex wp-block-gallery-is-layout-flex\">\n<figure class=\"wp-block-image size-large\"><img loading=\"lazy\" decoding=\"async\" width=\"768\" height=\"1024\" data-id=\"1784\" src=\"https:\/\/campome.com\/wp-content\/uploads\/2022\/10\/accueil-mairie.jpg\" alt=\"\" class=\"wp-image-1784\" srcset=\"https:\/\/campome.com\/wp-content\/uploads\/2022\/10\/accueil-mairie.jpg 768w, https:\/\/campome.com\/wp-content\/uploads\/2022\/10\/accueil-mairie-225x300.jpg 225w, https:\/\/campome.com\/wp-content\/uploads\/2022\/10\/accueil-mairie-9x12.jpg 9w\" sizes=\"auto, (max-width: 768px) 100vw, 768px\" \/><figcaption class=\"wp-element-caption\">Accueil\/t\u00e9l\u00e9travail<\/figcaption><\/figure>\n\n\n\n<figure class=\"wp-block-image size-large\"><img loading=\"lazy\" decoding=\"async\" width=\"1024\" height=\"768\" data-id=\"2234\" src=\"https:\/\/campome.com\/wp-content\/uploads\/2024\/07\/IMG_20240705_170335-1024x768.jpg\" alt=\"\" class=\"wp-image-2234\" srcset=\"https:\/\/campome.com\/wp-content\/uploads\/2024\/07\/IMG_20240705_170335-1024x768.jpg 1024w, https:\/\/campome.com\/wp-content\/uploads\/2024\/07\/IMG_20240705_170335-300x225.jpg 300w, https:\/\/campome.com\/wp-content\/uploads\/2024\/07\/IMG_20240705_170335-768x576.jpg 768w, https:\/\/campome.com\/wp-content\/uploads\/2024\/07\/IMG_20240705_170335-1536x1152.jpg 1536w, https:\/\/campome.com\/wp-content\/uploads\/2024\/07\/IMG_20240705_170335-2048x1536.jpg 2048w, https:\/\/campome.com\/wp-content\/uploads\/2024\/07\/IMG_20240705_170335-16x12.jpg 16w, https:\/\/campome.com\/wp-content\/uploads\/2024\/07\/IMG_20240705_170335-900x675.jpg 900w, https:\/\/campome.com\/wp-content\/uploads\/2024\/07\/IMG_20240705_170335-1280x960.jpg 1280w\" sizes=\"auto, (max-width: 1024px) 100vw, 1024px\" \/><figcaption class=\"wp-element-caption\">Mairie de Camp\u00f4me<\/figcaption><\/figure>\n\n\n\n<figure class=\"wp-block-image size-full\"><img loading=\"lazy\" decoding=\"async\" width=\"619\" height=\"882\" data-id=\"2549\" src=\"https:\/\/campome.com\/wp-content\/uploads\/2025\/12\/1ere-de-couv-gazette-dec-25.png\" alt=\"\" class=\"wp-image-2549\" srcset=\"https:\/\/campome.com\/wp-content\/uploads\/2025\/12\/1ere-de-couv-gazette-dec-25.png 619w, https:\/\/campome.com\/wp-content\/uploads\/2025\/12\/1ere-de-couv-gazette-dec-25-211x300.png 211w, https:\/\/campome.com\/wp-content\/uploads\/2025\/12\/1ere-de-couv-gazette-dec-25-8x12.png 8w\" sizes=\"auto, (max-width: 619px) 100vw, 619px\" \/><figcaption class=\"wp-element-caption\"><a href=\"https:\/\/campome.com\/wp-content\/uploads\/2025\/12\/Gazette-decembre-2025-version-mail.pdf\">https:\/\/campome.com\/wp-content\/uploads\/2025\/12\/Gazette-municipale-d\u00e9cembre-2025.pdf<\/a><\/figcaption><\/figure>\n<\/figure>\n\n\n\n<p><strong>Adresse postale de la mairie :<\/strong><br>La Place 66500 <strong>CAMPOME<\/strong><\/p>\n\n\n\n<p><strong>Horaires d&rsquo;ouverture de la mairie :<\/strong><br>Le Mercredi : de 9h00 \u00e0 12h00<br>Le Samedi : de 9h00 \u00e0 12h00<\/p>\n\n\n\n<p>Vous pouvez <strong>t\u00e9l\u00e9phoner \u00e0 la mairie de Camp\u00f4me<\/strong> aux horaires d&rsquo;ouverture indiqu\u00e9s ci-dessus ou contact par e-mail : <a href=\"mailto:mairiedecampome@orange.fr\" target=\"_blank\" rel=\"noreferrer noopener\">mairiedecampome@orange.fr<\/a><\/p>\n\n\n\n<p><strong>T\u00e9l\u00e9phone<\/strong> <a href=\"tel:0468050213\">04 68 05 02 13<\/a><br>International: +33 4 68 05 02 13<\/p>\n\n\n\n<p><strong>Fax<\/strong> 04 68 05 02 13<br>International: +33 4 68 05 02 13<\/p>\n\n\n\n<p><strong>Courriel :<\/strong> <a href=\"mailto:mairiedecampome@orange.fr\">mairiedecampome@orange.fr<\/a><\/p>\n\n\n\n<p>Facebook : <a href=\"https:\/\/www.facebook.com\/groups\/452393414942844\" target=\"_blank\" aria-label=\"undefined (s\u2019ouvre dans un nouvel onglet)\" rel=\"noreferrer noopener\">https:\/\/www.facebook.com\/groups\/452393414942844<\/a><\/p>\n\n\n\n<p>R\u00e9servation <strong>G\u00eetes<\/strong>&nbsp;: 06 23 08 65 23 (Contact&nbsp;: <strong>La\u00ebtitia<\/strong> <strong>Sitja<\/strong>)  <a href=\"http:\/\/campome.com\/index.php\/hebergements\/\" target=\"_blank\" aria-label=\"undefined (s\u2019ouvre dans un nouvel onglet)\" rel=\"noreferrer noopener\">http:\/\/campome.com\/index.php\/hebergements\/<\/a><\/p>\n\n\n\n<p>R\u00e9servation <strong>Salle polyvalente<\/strong> : 07 84 46 09 54 et jeanlouisbosc66@gmail.com (contact : <strong>Jean Louis Bosc<\/strong>) <a aria-label=\"undefined (s\u2019ouvre dans un nouvel onglet)\" href=\"http:\/\/campome.com\/index.php\/salle-polyvalente\/\" target=\"_blank\" rel=\"noreferrer noopener\">http:\/\/campome.com\/index.php\/salle-polyvalente\/<\/a><\/p>\n\n\n\n<p>lien <strong>Office de Tourisme Molitg-les-bains <\/strong> <a href=\"https:\/\/www.molitg.com\/\" target=\"_blank\" aria-label=\"undefined (s\u2019ouvre dans un nouvel onglet)\" rel=\"noreferrer noopener\">https:\/\/www.molitg.com\/<\/a><\/p>\n\n\n\n<p>lien <strong>Cha\u00eene thermale du soleil<\/strong> <a href=\"https:\/\/www.chainethermale.fr\/molitg-les-bains\" target=\"_blank\" aria-label=\"undefined (s\u2019ouvre dans un nouvel onglet)\" rel=\"noreferrer noopener\">https:\/\/www.chainethermale.fr\/molitg-les-bains<\/a><\/p>\n\n\n\n<p>Lien <strong>Communaut\u00e9 des Communes Conflent Canigo<\/strong> <a aria-label=\"undefined (s\u2019ouvre dans un nouvel onglet)\" href=\"https:\/\/www.conflentcanigo.fr\/\" target=\"_blank\" rel=\"noreferrer noopener\">https:\/\/www.conflentcanigo.fr\/<\/a> <\/p>\n\n\n\n<p><strong>Lien d\u00e9claration d&rsquo;urbanisme en ligne<\/strong> <a href=\"https:\/\/www.conflentcanigo.fr\/demande-urbanisme\">https:\/\/www.conflentcanigo.fr\/demande-urbanisme<\/a><\/p>\n\n\n\n<p>Lien <strong>Pr\u00e9fecture des P.O<\/strong> <a aria-label=\"undefined (s\u2019ouvre dans un nouvel onglet)\" href=\"https:\/\/www.pyrenees-orientales.gouv.fr\/\" target=\"_blank\" rel=\"noreferrer noopener\">https:\/\/www.pyrenees-orientales.gouv.fr\/<\/a><\/p>\n\n\n<a class=\"wp-block-read-more\" href=\"https:\/\/campome.com\/\" target=\"_self\">Lire la suite<span class=\"screen-reader-text\">\u00a0: Accueil<\/span><\/a>\n\n\n<p>Lien <strong>Extrait de naissance<\/strong> <a href=\"https:\/\/www.extraitactenaissance.com\/tuto\/\" target=\"_blank\" aria-label=\"undefined (s\u2019ouvre dans un nouvel onglet)\" rel=\"noreferrer noopener\">https:\/\/www.extraitactenaissance.com\/tuto\/<\/a><\/p>\n\n\n\n<pre class=\"wp-block-verse\"><sub><sup>Conception du site : mairie de Camp\u00f4me \/ images : La\u00ebtitia Sitja<\/sup><\/sub> \/ 2020<\/pre>\n","protected":false},"excerpt":{"rendered":"<p>Accueil Blotti au pied de Carmaj\u00f9, arros\u00e9 par la Castellane qui d\u00e9vale vers la mer Surveill\u00e9 au loin par le majestueux Canig\u00f2, Camp\u00f4me est un village m\u00e9di\u00e9val qui a su garder une \u00e2me rurale et un charme discret qu\u2019il faut venir d\u00e9couvrir. R\u00e9serv\u00e9, il sait se faire appr\u00e9cier par son calme. Ses ruelles cachent des [&hellip;]<\/p>\n","protected":false},"author":1,"featured_media":0,"parent":0,"menu_order":0,"comment_status":"closed","ping_status":"closed","template":"full-width-page-template.php","meta":{"_monsterinsights_skip_tracking":false,"_monsterinsights_sitenote_active":false,"_monsterinsights_sitenote_note":"","_monsterinsights_sitenote_category":0,"footnotes":""},"class_list":["post-163","page","type-page","status-publish","hentry"],"yoast_head":"<!-- This site is optimized with the Yoast SEO plugin v27.3 - https:\/\/yoast.com\/product\/yoast-seo-wordpress\/ -->\n<title>Accueil - Mairie de Camp\u00f4me<\/title>\n<meta name=\"robots\" content=\"index, follow, max-snippet:-1, max-image-preview:large, max-video-preview:-1\" \/>\n<link rel=\"canonical\" href=\"https:\/\/campome.com\/\" \/>\n<meta property=\"og:locale\" content=\"fr_FR\" \/>\n<meta property=\"og:type\" content=\"article\" \/>\n<meta property=\"og:title\" content=\"Accueil - Mairie de Camp\u00f4me\" \/>\n<meta property=\"og:description\" content=\"Accueil Blotti au pied de Carmaj\u00f9, arros\u00e9 par la Castellane qui d\u00e9vale vers la mer Surveill\u00e9 au loin par le majestueux Canig\u00f2, Camp\u00f4me est un village m\u00e9di\u00e9val qui a su garder une \u00e2me rurale et un charme discret qu\u2019il faut venir d\u00e9couvrir. R\u00e9serv\u00e9, il sait se faire appr\u00e9cier par son calme. Ses ruelles cachent des [&hellip;]\" \/>\n<meta property=\"og:url\" content=\"https:\/\/campome.com\/\" \/>\n<meta property=\"og:site_name\" content=\"Mairie de Camp\u00f4me\" \/>\n<meta property=\"article:modified_time\" content=\"2026-01-14T10:38:42+00:00\" \/>\n<meta property=\"og:image\" content=\"https:\/\/campome.com\/wp-content\/uploads\/2022\/10\/accueil-mairie.jpg\" \/>\n\t<meta property=\"og:image:width\" content=\"768\" \/>\n\t<meta property=\"og:image:height\" content=\"1024\" \/>\n\t<meta property=\"og:image:type\" content=\"image\/jpeg\" \/>\n<meta name=\"twitter:card\" content=\"summary_large_image\" \/>\n<meta name=\"twitter:label1\" content=\"Dur\u00e9e de lecture estim\u00e9e\" \/>\n\t<meta name=\"twitter:data1\" content=\"2 minutes\" \/>\n<script type=\"application\/ld+json\" class=\"yoast-schema-graph\">{\"@context\":\"https:\\\/\\\/schema.org\",\"@graph\":[{\"@type\":\"WebPage\",\"@id\":\"https:\\\/\\\/campome.com\\\/\",\"url\":\"https:\\\/\\\/campome.com\\\/\",\"name\":\"Accueil - Mairie de Camp\u00f4me\",\"isPartOf\":{\"@id\":\"https:\\\/\\\/campome.com\\\/#website\"},\"primaryImageOfPage\":{\"@id\":\"https:\\\/\\\/campome.com\\\/#primaryimage\"},\"image\":{\"@id\":\"https:\\\/\\\/campome.com\\\/#primaryimage\"},\"thumbnailUrl\":\"https:\\\/\\\/campome.com\\\/wp-content\\\/uploads\\\/2022\\\/10\\\/accueil-mairie.jpg\",\"datePublished\":\"2020-06-23T17:18:03+00:00\",\"dateModified\":\"2026-01-14T10:38:42+00:00\",\"breadcrumb\":{\"@id\":\"https:\\\/\\\/campome.com\\\/#breadcrumb\"},\"inLanguage\":\"fr-FR\",\"potentialAction\":[{\"@type\":\"ReadAction\",\"target\":[\"https:\\\/\\\/campome.com\\\/\"]}]},{\"@type\":\"ImageObject\",\"inLanguage\":\"fr-FR\",\"@id\":\"https:\\\/\\\/campome.com\\\/#primaryimage\",\"url\":\"https:\\\/\\\/campome.com\\\/wp-content\\\/uploads\\\/2022\\\/10\\\/accueil-mairie.jpg\",\"contentUrl\":\"https:\\\/\\\/campome.com\\\/wp-content\\\/uploads\\\/2022\\\/10\\\/accueil-mairie.jpg\",\"width\":768,\"height\":1024},{\"@type\":\"BreadcrumbList\",\"@id\":\"https:\\\/\\\/campome.com\\\/#breadcrumb\",\"itemListElement\":[{\"@type\":\"ListItem\",\"position\":1,\"name\":\"Accueil\",\"item\":\"https:\\\/\\\/campome.com\\\/\"},{\"@type\":\"ListItem\",\"position\":2,\"name\":\"Accueil\"}]},{\"@type\":\"WebSite\",\"@id\":\"https:\\\/\\\/campome.com\\\/#website\",\"url\":\"https:\\\/\\\/campome.com\\\/\",\"name\":\"Mairie de Camp\u00f4me\",\"description\":\"Bienvenue sur le site de la mairie de Camp\u00f4me\",\"potentialAction\":[{\"@type\":\"SearchAction\",\"target\":{\"@type\":\"EntryPoint\",\"urlTemplate\":\"https:\\\/\\\/campome.com\\\/?s={search_term_string}\"},\"query-input\":{\"@type\":\"PropertyValueSpecification\",\"valueRequired\":true,\"valueName\":\"search_term_string\"}}],\"inLanguage\":\"fr-FR\"}]}<\/script>\n<!-- \/ Yoast SEO plugin. -->","yoast_head_json":{"title":"Accueil - Mairie de Camp\u00f4me","robots":{"index":"index","follow":"follow","max-snippet":"max-snippet:-1","max-image-preview":"max-image-preview:large","max-video-preview":"max-video-preview:-1"},"canonical":"https:\/\/campome.com\/","og_locale":"fr_FR","og_type":"article","og_title":"Accueil - Mairie de Camp\u00f4me","og_description":"Accueil Blotti au pied de Carmaj\u00f9, arros\u00e9 par la Castellane qui d\u00e9vale vers la mer Surveill\u00e9 au loin par le majestueux Canig\u00f2, Camp\u00f4me est un village m\u00e9di\u00e9val qui a su garder une \u00e2me rurale et un charme discret qu\u2019il faut venir d\u00e9couvrir. R\u00e9serv\u00e9, il sait se faire appr\u00e9cier par son calme. Ses ruelles cachent des [&hellip;]","og_url":"https:\/\/campome.com\/","og_site_name":"Mairie de Camp\u00f4me","article_modified_time":"2026-01-14T10:38:42+00:00","og_image":[{"width":768,"height":1024,"url":"https:\/\/campome.com\/wp-content\/uploads\/2022\/10\/accueil-mairie.jpg","type":"image\/jpeg"}],"twitter_card":"summary_large_image","twitter_misc":{"Dur\u00e9e de lecture estim\u00e9e":"2 minutes"},"schema":{"@context":"https:\/\/schema.org","@graph":[{"@type":"WebPage","@id":"https:\/\/campome.com\/","url":"https:\/\/campome.com\/","name":"Accueil - Mairie de Camp\u00f4me","isPartOf":{"@id":"https:\/\/campome.com\/#website"},"primaryImageOfPage":{"@id":"https:\/\/campome.com\/#primaryimage"},"image":{"@id":"https:\/\/campome.com\/#primaryimage"},"thumbnailUrl":"https:\/\/campome.com\/wp-content\/uploads\/2022\/10\/accueil-mairie.jpg","datePublished":"2020-06-23T17:18:03+00:00","dateModified":"2026-01-14T10:38:42+00:00","breadcrumb":{"@id":"https:\/\/campome.com\/#breadcrumb"},"inLanguage":"fr-FR","potentialAction":[{"@type":"ReadAction","target":["https:\/\/campome.com\/"]}]},{"@type":"ImageObject","inLanguage":"fr-FR","@id":"https:\/\/campome.com\/#primaryimage","url":"https:\/\/campome.com\/wp-content\/uploads\/2022\/10\/accueil-mairie.jpg","contentUrl":"https:\/\/campome.com\/wp-content\/uploads\/2022\/10\/accueil-mairie.jpg","width":768,"height":1024},{"@type":"BreadcrumbList","@id":"https:\/\/campome.com\/#breadcrumb","itemListElement":[{"@type":"ListItem","position":1,"name":"Accueil","item":"https:\/\/campome.com\/"},{"@type":"ListItem","position":2,"name":"Accueil"}]},{"@type":"WebSite","@id":"https:\/\/campome.com\/#website","url":"https:\/\/campome.com\/","name":"Mairie de Camp\u00f4me","description":"Bienvenue sur le site de la mairie de Camp\u00f4me","potentialAction":[{"@type":"SearchAction","target":{"@type":"EntryPoint","urlTemplate":"https:\/\/campome.com\/?s={search_term_string}"},"query-input":{"@type":"PropertyValueSpecification","valueRequired":true,"valueName":"search_term_string"}}],"inLanguage":"fr-FR"}]}},"_links":{"self":[{"href":"https:\/\/campome.com\/index.php\/wp-json\/wp\/v2\/pages\/163","targetHints":{"allow":["GET"]}}],"collection":[{"href":"https:\/\/campome.com\/index.php\/wp-json\/wp\/v2\/pages"}],"about":[{"href":"https:\/\/campome.com\/index.php\/wp-json\/wp\/v2\/types\/page"}],"author":[{"embeddable":true,"href":"https:\/\/campome.com\/index.php\/wp-json\/wp\/v2\/users\/1"}],"replies":[{"embeddable":true,"href":"https:\/\/campome.com\/index.php\/wp-json\/wp\/v2\/comments?post=163"}],"version-history":[{"count":71,"href":"https:\/\/campome.com\/index.php\/wp-json\/wp\/v2\/pages\/163\/revisions"}],"predecessor-version":[{"id":2562,"href":"https:\/\/campome.com\/index.php\/wp-json\/wp\/v2\/pages\/163\/revisions\/2562"}],"wp:attachment":[{"href":"https:\/\/campome.com\/index.php\/wp-json\/wp\/v2\/media?parent=163"}],"curies":[{"name":"wp","href":"https:\/\/api.w.org\/{rel}","templated":true}]}}