{"id":226,"date":"2020-06-28T21:07:06","date_gmt":"2020-06-28T19:07:06","guid":{"rendered":"http:\/\/campome.com\/?page_id=226"},"modified":"2025-08-27T12:13:03","modified_gmt":"2025-08-27T10:13:03","slug":"autres-locations-de-vacances","status":"publish","type":"page","link":"https:\/\/campome.com\/index.php\/autres-locations-de-vacances\/","title":{"rendered":"Autres meubl\u00e9s de tourisme"},"content":{"rendered":"\n<ul class=\"wp-block-list\">\n<li><strong>Michel Gibert<\/strong>***, 07-86-56-08-10 gigicampome@orange.fr maison individuelle <strong>wifi <\/strong>&#8211; jardin &#8211; 4 pers <a aria-label=\"undefined (s\u2019ouvre dans un nouvel onglet)\" href=\"https:\/\/www.tourisme-canigou.com\/organisez\/dormir\/locations-de-vacances\/gibert-michel-1001308\" target=\"_blank\" rel=\"noreferrer noopener\">https:\/\/www.tourisme-canigou.com\/organisez\/dormir\/locations-de-vacances\/gibert-michel-1001308<\/a><\/li>\n\n\n\n<li><strong>La\u00ebtitia Sitja<\/strong>*** 06-23-08-65-23 laetitiasitja@yahoo.fr maison individuelle &#8211; <strong>wifi<\/strong> &#8211; terrasse &#8211; accueil v\u00e9lo &#8211; 2 pers <a aria-label=\"undefined (s\u2019ouvre dans un nouvel onglet)\" href=\"https:\/\/www.tourisme-pyreneesorientales.com\/sitja-laetitia\/campome\/hlolar066v50f0dy\" target=\"_blank\" rel=\"noreferrer noopener\">https:\/\/www.tourisme-pyreneesorientales.com\/sitja-laetitia\/campome\/hlolar066v50f0dy<\/a><\/li>\n\n\n\n<li><strong>Maison Gecko g\u00eete<\/strong> ***07-82-91-45-21 geckogite@gmail.com <a href=\"http:\/\/www.gecko-gite.com\/language\/fr\/accueil\/\">http:\/\/www.gecko-gite.com\/language\/fr\/accueil\/<\/a> maison individuelle  &#8211; <strong>wifi<\/strong> &#8211; 6 pers<\/li>\n\n\n\n<li><strong>Philippe Robillard<\/strong>*** 05-53-57-12-05 robillard.nicole@wanadoo.fr maison individuelle <strong> <\/strong>&#8211; terrasse &#8211; 4 pers <a aria-label=\"undefined (s\u2019ouvre dans un nouvel onglet)\" href=\"https:\/\/www.tourisme-canigou.com\/organisez\/dormir\/locations-de-vacances\/robillard-philippe-630811\" target=\"_blank\" rel=\"noreferrer noopener\">https:\/\/www.tourisme-canigou.com\/organisez\/dormir\/locations-de-vacances\/robillard-philippe-630811<\/a><\/li>\n\n\n\n<li><strong>Girou<\/strong> *** 0784 46 09 54 boscamp@wanadoo.fr maison individuelle &#8211; 2 pers <a aria-label=\"undefined (s\u2019ouvre dans un nouvel onglet)\" href=\"https:\/\/www.tourisme-canigou.com\/organisez\/dormir\/locations-de-vacances\/bosc-chantal-630809\" target=\"_blank\" rel=\"noreferrer noopener\">https:\/\/www.tourisme-canigou.com\/organisez\/dormir\/locations-de-vacances\/bosc-chantal-630809<\/a><\/li>\n\n\n\n<li><strong>Maison Titine <\/strong>*** 06-16-72-65-09 maison.titine@gmail.com &#8211;                                        maison de village avec patio &#8211; 8 personnes <a href=\"https:\/\/www.tourisme-canigou.com\/organisez\/dormir\/locations-de-vacances\/maison-titine-3292459\" target=\"_blank\" rel=\"noreferrer noopener\">https:\/\/www.tourisme-canigou.com\/organisez\/dormir\/locations-de-vacances\/maison-titine-3292459<\/a><\/li>\n\n\n\n<li><strong>Aline et Henri Resplandy<\/strong>***06 10 07 04 56 aline.resplandy@sfr.fr &#8211; maison individuelle avec terrasse &#8211; 3 personnes<\/li>\n\n\n\n<li><strong>Andr\u00e9 Gonzalez<\/strong> **06-09-88-54-67 andre.bao@laposte.net maison individuelle  &#8211; <strong>wifi<\/strong> &#8211; jardin &#8211; 4 pers<\/li>\n\n\n\n<li><strong>Magali Perrera<\/strong> 06-23-84-38-19 magloc@orange.fr                                                               appartement dans villa <strong>** <\/strong>&#8211; terrasse &#8211; 2 pers<\/li>\n\n\n\n<li><strong>Bilade<\/strong> 06-16-28-29-21 julien.quesseda1@aliceadsl.fr                                                      appartement dans villa<strong> **<\/strong> &#8211; terrasse &#8211; 2 pers <a aria-label=\"undefined (s\u2019ouvre dans un nouvel onglet)\" href=\"https:\/\/www.tourisme-canigou.com\/organisez\/dormir\/locations-de-vacances\/taulet-quessada-630798\" target=\"_blank\" rel=\"noreferrer noopener\">https:\/\/www.tourisme-canigou.com\/organisez\/dormir\/locations-de-vacances\/taulet-quessada-630798<\/a><\/li>\n\n\n\n<li><strong>Simone Pietrantuono<\/strong> 06-83-08-66-69 sire66@orange.fr                                                appartement dans maison de village<strong> **<\/strong> &#8211; 5 pers<\/li>\n\n\n\n<li>Al Clouc <strong>J\u00e9r\u00f4me Schlosser<\/strong> 07 87 84 04 50 laurence.bileschlosser@orange.fr &#8211; maison de village restaur\u00e9e &#8211; 2 Pers<\/li>\n<\/ul>\n\n\n\n<p><\/p>\n","protected":false},"excerpt":{"rendered":"","protected":false},"author":1,"featured_media":0,"parent":0,"menu_order":0,"comment_status":"closed","ping_status":"closed","template":"full-width-page-template.php","meta":{"_monsterinsights_skip_tracking":false,"_monsterinsights_sitenote_active":false,"_monsterinsights_sitenote_note":"","_monsterinsights_sitenote_category":0,"footnotes":""},"class_list":["post-226","page","type-page","status-publish","hentry"],"yoast_head":"<!-- This site is optimized with the Yoast SEO plugin v27.4 - https:\/\/yoast.com\/product\/yoast-seo-wordpress\/ -->\n<title>Autres meubl\u00e9s de tourisme - Mairie de Camp\u00f4me<\/title>\n<meta name=\"robots\" content=\"index, follow, max-snippet:-1, max-image-preview:large, max-video-preview:-1\" \/>\n<link rel=\"canonical\" href=\"https:\/\/campome.com\/index.php\/autres-locations-de-vacances\/\" \/>\n<meta property=\"og:locale\" content=\"fr_FR\" \/>\n<meta property=\"og:type\" content=\"article\" \/>\n<meta property=\"og:title\" content=\"Autres meubl\u00e9s de tourisme - Mairie de Camp\u00f4me\" \/>\n<meta property=\"og:url\" content=\"https:\/\/campome.com\/index.php\/autres-locations-de-vacances\/\" \/>\n<meta property=\"og:site_name\" content=\"Mairie de Camp\u00f4me\" \/>\n<meta property=\"article:modified_time\" content=\"2025-08-27T10:13:03+00:00\" \/>\n<meta name=\"twitter:card\" content=\"summary_large_image\" \/>\n<meta name=\"twitter:label1\" content=\"Dur\u00e9e de lecture estim\u00e9e\" \/>\n\t<meta name=\"twitter:data1\" content=\"1 minute\" \/>\n<script type=\"application\/ld+json\" class=\"yoast-schema-graph\">{\"@context\":\"https:\\\/\\\/schema.org\",\"@graph\":[{\"@type\":\"WebPage\",\"@id\":\"https:\\\/\\\/campome.com\\\/index.php\\\/autres-locations-de-vacances\\\/\",\"url\":\"https:\\\/\\\/campome.com\\\/index.php\\\/autres-locations-de-vacances\\\/\",\"name\":\"Autres meubl\u00e9s de tourisme - Mairie de Camp\u00f4me\",\"isPartOf\":{\"@id\":\"https:\\\/\\\/campome.com\\\/#website\"},\"datePublished\":\"2020-06-28T19:07:06+00:00\",\"dateModified\":\"2025-08-27T10:13:03+00:00\",\"breadcrumb\":{\"@id\":\"https:\\\/\\\/campome.com\\\/index.php\\\/autres-locations-de-vacances\\\/#breadcrumb\"},\"inLanguage\":\"fr-FR\",\"potentialAction\":[{\"@type\":\"ReadAction\",\"target\":[\"https:\\\/\\\/campome.com\\\/index.php\\\/autres-locations-de-vacances\\\/\"]}]},{\"@type\":\"BreadcrumbList\",\"@id\":\"https:\\\/\\\/campome.com\\\/index.php\\\/autres-locations-de-vacances\\\/#breadcrumb\",\"itemListElement\":[{\"@type\":\"ListItem\",\"position\":1,\"name\":\"Accueil\",\"item\":\"https:\\\/\\\/campome.com\\\/\"},{\"@type\":\"ListItem\",\"position\":2,\"name\":\"Autres meubl\u00e9s de tourisme\"}]},{\"@type\":\"WebSite\",\"@id\":\"https:\\\/\\\/campome.com\\\/#website\",\"url\":\"https:\\\/\\\/campome.com\\\/\",\"name\":\"Mairie de Camp\u00f4me\",\"description\":\"Bienvenue sur le site de la mairie de Camp\u00f4me\",\"potentialAction\":[{\"@type\":\"SearchAction\",\"target\":{\"@type\":\"EntryPoint\",\"urlTemplate\":\"https:\\\/\\\/campome.com\\\/?s={search_term_string}\"},\"query-input\":{\"@type\":\"PropertyValueSpecification\",\"valueRequired\":true,\"valueName\":\"search_term_string\"}}],\"inLanguage\":\"fr-FR\"}]}<\/script>\n<!-- \/ Yoast SEO plugin. -->","yoast_head_json":{"title":"Autres meubl\u00e9s de tourisme - Mairie de Camp\u00f4me","robots":{"index":"index","follow":"follow","max-snippet":"max-snippet:-1","max-image-preview":"max-image-preview:large","max-video-preview":"max-video-preview:-1"},"canonical":"https:\/\/campome.com\/index.php\/autres-locations-de-vacances\/","og_locale":"fr_FR","og_type":"article","og_title":"Autres meubl\u00e9s de tourisme - Mairie de Camp\u00f4me","og_url":"https:\/\/campome.com\/index.php\/autres-locations-de-vacances\/","og_site_name":"Mairie de Camp\u00f4me","article_modified_time":"2025-08-27T10:13:03+00:00","twitter_card":"summary_large_image","twitter_misc":{"Dur\u00e9e de lecture estim\u00e9e":"1 minute"},"schema":{"@context":"https:\/\/schema.org","@graph":[{"@type":"WebPage","@id":"https:\/\/campome.com\/index.php\/autres-locations-de-vacances\/","url":"https:\/\/campome.com\/index.php\/autres-locations-de-vacances\/","name":"Autres meubl\u00e9s de tourisme - Mairie de Camp\u00f4me","isPartOf":{"@id":"https:\/\/campome.com\/#website"},"datePublished":"2020-06-28T19:07:06+00:00","dateModified":"2025-08-27T10:13:03+00:00","breadcrumb":{"@id":"https:\/\/campome.com\/index.php\/autres-locations-de-vacances\/#breadcrumb"},"inLanguage":"fr-FR","potentialAction":[{"@type":"ReadAction","target":["https:\/\/campome.com\/index.php\/autres-locations-de-vacances\/"]}]},{"@type":"BreadcrumbList","@id":"https:\/\/campome.com\/index.php\/autres-locations-de-vacances\/#breadcrumb","itemListElement":[{"@type":"ListItem","position":1,"name":"Accueil","item":"https:\/\/campome.com\/"},{"@type":"ListItem","position":2,"name":"Autres meubl\u00e9s de tourisme"}]},{"@type":"WebSite","@id":"https:\/\/campome.com\/#website","url":"https:\/\/campome.com\/","name":"Mairie de Camp\u00f4me","description":"Bienvenue sur le site de la mairie de Camp\u00f4me","potentialAction":[{"@type":"SearchAction","target":{"@type":"EntryPoint","urlTemplate":"https:\/\/campome.com\/?s={search_term_string}"},"query-input":{"@type":"PropertyValueSpecification","valueRequired":true,"valueName":"search_term_string"}}],"inLanguage":"fr-FR"}]}},"_links":{"self":[{"href":"https:\/\/campome.com\/index.php\/wp-json\/wp\/v2\/pages\/226","targetHints":{"allow":["GET"]}}],"collection":[{"href":"https:\/\/campome.com\/index.php\/wp-json\/wp\/v2\/pages"}],"about":[{"href":"https:\/\/campome.com\/index.php\/wp-json\/wp\/v2\/types\/page"}],"author":[{"embeddable":true,"href":"https:\/\/campome.com\/index.php\/wp-json\/wp\/v2\/users\/1"}],"replies":[{"embeddable":true,"href":"https:\/\/campome.com\/index.php\/wp-json\/wp\/v2\/comments?post=226"}],"version-history":[{"count":28,"href":"https:\/\/campome.com\/index.php\/wp-json\/wp\/v2\/pages\/226\/revisions"}],"predecessor-version":[{"id":2507,"href":"https:\/\/campome.com\/index.php\/wp-json\/wp\/v2\/pages\/226\/revisions\/2507"}],"wp:attachment":[{"href":"https:\/\/campome.com\/index.php\/wp-json\/wp\/v2\/media?parent=226"}],"curies":[{"name":"wp","href":"https:\/\/api.w.org\/{rel}","templated":true}]}}