{"id":347,"date":"2020-07-25T16:53:02","date_gmt":"2020-07-25T14:53:02","guid":{"rendered":"http:\/\/campome.com\/?page_id=347"},"modified":"2026-04-08T12:53:46","modified_gmt":"2026-04-08T10:53:46","slug":"comptes-rendus-de-conseils-municipaux","status":"publish","type":"page","link":"https:\/\/campome.com\/index.php\/comptes-rendus-de-conseils-municipaux\/","title":{"rendered":"Les conseils municipaux"},"content":{"rendered":"\n<p>Consultez ici les diff\u00e9rents comptes rendus de conseils municipaux publi\u00e9s&nbsp;apr\u00e8s d\u00e9lib\u00e9ration vis\u00e9e par le contr\u00f4le de l\u00e9galit\u00e9 de la pr\u00e9fecture.<\/p>\n\n\n\n<div class=\"wp-block-file\"><a id=\"wp-block-file--media-91e1cba1-024f-44ab-a74f-36325d13332c\" href=\"https:\/\/campome.com\/wp-content\/uploads\/2026\/04\/Deliberations-CM-du-22-mars-26.pdf\">D\u00e9lib\u00e9rations CM du 22 mars 26<\/a><a href=\"https:\/\/campome.com\/wp-content\/uploads\/2026\/04\/Deliberations-CM-du-22-mars-26.pdf\" class=\"wp-block-file__button wp-element-button\" download aria-describedby=\"wp-block-file--media-91e1cba1-024f-44ab-a74f-36325d13332c\">T\u00e9l\u00e9charger<\/a><\/div>\n\n\n\n<div class=\"wp-block-file\"><a id=\"wp-block-file--media-785d0a28-e8b6-45e4-bbca-50a268094160\" href=\"https:\/\/campome.com\/wp-content\/uploads\/2026\/04\/Deliberation-du-CM-du-7-fevrier-2026.pdf\">D\u00e9lib\u00e9ration du CM du 7 f\u00e9vrier 2026<\/a><a href=\"https:\/\/campome.com\/wp-content\/uploads\/2026\/04\/Deliberation-du-CM-du-7-fevrier-2026.pdf\" class=\"wp-block-file__button wp-element-button\" download aria-describedby=\"wp-block-file--media-785d0a28-e8b6-45e4-bbca-50a268094160\">T\u00e9l\u00e9charger<\/a><\/div>\n\n\n\n<div class=\"wp-block-file\"><a id=\"wp-block-file--media-d249e8b5-2c73-4100-82c8-17b2a98f5168\" href=\"https:\/\/campome.com\/wp-content\/uploads\/2026\/04\/Deliberation-du-CM-du-17-janvier-2026.pdf\">D\u00e9lib\u00e9ration du CM du 17 janvier 2026<\/a><a href=\"https:\/\/campome.com\/wp-content\/uploads\/2026\/04\/Deliberation-du-CM-du-17-janvier-2026.pdf\" class=\"wp-block-file__button wp-element-button\" download aria-describedby=\"wp-block-file--media-d249e8b5-2c73-4100-82c8-17b2a98f5168\">T\u00e9l\u00e9charger<\/a><\/div>\n\n\n\n<div class=\"wp-block-file\"><a id=\"wp-block-file--media-e143e3c7-a59d-454b-9417-4a7113826322\" href=\"https:\/\/campome.com\/wp-content\/uploads\/2026\/04\/Deliberation-du-CM-du-27-novembre-2025.pdf\">D\u00e9lib\u00e9ration du CM du 27 novembre 2025<\/a><a href=\"https:\/\/campome.com\/wp-content\/uploads\/2026\/04\/Deliberation-du-CM-du-27-novembre-2025.pdf\" class=\"wp-block-file__button wp-element-button\" download aria-describedby=\"wp-block-file--media-e143e3c7-a59d-454b-9417-4a7113826322\">T\u00e9l\u00e9charger<\/a><\/div>\n\n\n\n<div class=\"wp-block-file\"><a id=\"wp-block-file--media-2e3aa1a0-3eae-47f3-8686-da225ac6168f\" href=\"https:\/\/campome.com\/wp-content\/uploads\/2025\/11\/Conseil-municipal-du-18-octobre-2025.pdf\">D\u00e9lib\u00e9rations du CM  du 18 octobre 2025<\/a><a href=\"https:\/\/campome.com\/wp-content\/uploads\/2025\/11\/Conseil-municipal-du-18-octobre-2025.pdf\" class=\"wp-block-file__button wp-element-button\" download aria-describedby=\"wp-block-file--media-2e3aa1a0-3eae-47f3-8686-da225ac6168f\">T\u00e9l\u00e9charger<\/a><\/div>\n\n\n\n<div class=\"wp-block-file\"><a id=\"wp-block-file--media-6f29ecd6-11df-40f6-8337-1b5038757b63\" href=\"https:\/\/campome.com\/wp-content\/uploads\/2025\/11\/Conseil-municipal-du-26-aout-2025.pdf\">D\u00e9lib\u00e9rations du CM  du 26 ao\u00fbt 2025<\/a><a href=\"https:\/\/campome.com\/wp-content\/uploads\/2025\/11\/Conseil-municipal-du-26-aout-2025.pdf\" class=\"wp-block-file__button wp-element-button\" download aria-describedby=\"wp-block-file--media-6f29ecd6-11df-40f6-8337-1b5038757b63\">T\u00e9l\u00e9charger<\/a><\/div>\n\n\n\n<div class=\"wp-block-file\"><a id=\"wp-block-file--media-9cd7d46c-fbf9-4851-85b0-969c174aa74c\" href=\"https:\/\/campome.com\/wp-content\/uploads\/2025\/05\/Deliberations-du-conseil-municipal-du-20-mai-2025.pdf\">D\u00e9lib\u00e9rations du CM du 20 mai 2025<\/a><a href=\"https:\/\/campome.com\/wp-content\/uploads\/2025\/05\/Deliberations-du-conseil-municipal-du-20-mai-2025.pdf\" class=\"wp-block-file__button wp-element-button\" download aria-describedby=\"wp-block-file--media-9cd7d46c-fbf9-4851-85b0-969c174aa74c\">T\u00e9l\u00e9charger<\/a><\/div>\n\n\n\n<div class=\"wp-block-file\"><a id=\"wp-block-file--media-e9cbcbc1-2350-4561-a63b-84b0e3abfdf8\" href=\"https:\/\/campome.com\/wp-content\/uploads\/2025\/06\/Deliberation-du-CM-du-1er-avril-2025-visees-par-la-prefecture.pdf\">D\u00e9lib\u00e9ration du CM du 1er avril 2025 <\/a><a href=\"https:\/\/campome.com\/wp-content\/uploads\/2025\/06\/Deliberation-du-CM-du-1er-avril-2025-visees-par-la-prefecture.pdf\" class=\"wp-block-file__button wp-element-button\" download aria-describedby=\"wp-block-file--media-e9cbcbc1-2350-4561-a63b-84b0e3abfdf8\">T\u00e9l\u00e9charger<\/a><\/div>\n\n\n\n<div class=\"wp-block-file\"><a id=\"wp-block-file--media-0fefff0e-582c-46da-a630-54000638a3de\" href=\"https:\/\/campome.com\/wp-content\/uploads\/2024\/11\/Deliberations-du-CM-du-12-novembre-2024.pdf\">D\u00e9lib\u00e9rations du CM du 12 novembre 2024<\/a><a href=\"https:\/\/campome.com\/wp-content\/uploads\/2024\/11\/Deliberations-du-CM-du-12-novembre-2024.pdf\" class=\"wp-block-file__button wp-element-button\" download aria-describedby=\"wp-block-file--media-0fefff0e-582c-46da-a630-54000638a3de\">T\u00e9l\u00e9charger<\/a><\/div>\n\n\n\n<div class=\"wp-block-file\"><a id=\"wp-block-file--media-54c816ad-6e1d-46dd-8a04-8541f1a76ed8\" href=\"https:\/\/campome.com\/wp-content\/uploads\/2024\/11\/Deliberations-du-CM-du-17-septembre-2024.pdf\">D\u00e9lib\u00e9rations du CM du 17 septembre 2024<\/a><a href=\"https:\/\/campome.com\/wp-content\/uploads\/2024\/11\/Deliberations-du-CM-du-17-septembre-2024.pdf\" class=\"wp-block-file__button wp-element-button\" download aria-describedby=\"wp-block-file--media-54c816ad-6e1d-46dd-8a04-8541f1a76ed8\">T\u00e9l\u00e9charger<\/a><\/div>\n\n\n\n<div class=\"wp-block-file\"><a id=\"wp-block-file--media-e1b36ba2-2e59-4300-99da-8f914ddb83a3\" href=\"https:\/\/campome.com\/wp-content\/uploads\/2024\/05\/Deliberation-du-CM-du-27-mars-2024.pdf\">Deliberation-du-CM-du-27-mars-2024<\/a><a href=\"https:\/\/campome.com\/wp-content\/uploads\/2024\/05\/Deliberation-du-CM-du-27-mars-2024.pdf\" class=\"wp-block-file__button wp-element-button\" download aria-describedby=\"wp-block-file--media-e1b36ba2-2e59-4300-99da-8f914ddb83a3\">T\u00e9l\u00e9charger<\/a><\/div>\n\n\n\n<div class=\"wp-block-file\"><a id=\"wp-block-file--media-9b24504d-018f-4d32-a916-3d802a102204\" href=\"https:\/\/campome.com\/wp-content\/uploads\/2024\/05\/Deliberation-du-CM-du-27-fevrier-2024.pdf\">Deliberation-du-CM-du-27-fevrier-2024<\/a><a href=\"https:\/\/campome.com\/wp-content\/uploads\/2024\/05\/Deliberation-du-CM-du-27-fevrier-2024.pdf\" class=\"wp-block-file__button wp-element-button\" download aria-describedby=\"wp-block-file--media-9b24504d-018f-4d32-a916-3d802a102204\">T\u00e9l\u00e9charger<\/a><\/div>\n\n\n\n<div class=\"wp-block-file\"><a id=\"wp-block-file--media-0f93975a-1a73-44f9-beca-32b77cf2305a\" href=\"https:\/\/campome.com\/wp-content\/uploads\/2024\/02\/Deliberations-du-CM-du-11-decembre-2023.pdf\">Deliberations-du-CM-du-11-decembre-2023<\/a><a href=\"https:\/\/campome.com\/wp-content\/uploads\/2024\/02\/Deliberations-du-CM-du-11-decembre-2023.pdf\" class=\"wp-block-file__button wp-element-button\" download aria-describedby=\"wp-block-file--media-0f93975a-1a73-44f9-beca-32b77cf2305a\">T\u00e9l\u00e9charger<\/a><\/div>\n\n\n\n<div class=\"wp-block-file\"><a id=\"wp-block-file--media-1f723f75-58e7-42b7-9f85-88ba0b09f1d3\" href=\"https:\/\/campome.com\/wp-content\/uploads\/2024\/02\/Deliberations-des-CM-des-18-octobre-et-11-novembre-2023.pdf\">Deliberations-des-CM-des-18-octobre-et-11-novembre-2023<\/a><a href=\"https:\/\/campome.com\/wp-content\/uploads\/2024\/02\/Deliberations-des-CM-des-18-octobre-et-11-novembre-2023.pdf\" class=\"wp-block-file__button wp-element-button\" download aria-describedby=\"wp-block-file--media-1f723f75-58e7-42b7-9f85-88ba0b09f1d3\">T\u00e9l\u00e9charger<\/a><\/div>\n\n\n\n<div class=\"wp-block-file\"><a id=\"wp-block-file--media-5ffbbf32-3af3-482e-baf2-1bdfbd1e7d76\" href=\"https:\/\/campome.com\/wp-content\/uploads\/2024\/02\/Deliberations-du-CM-du-12-juillet-2023.pdf\">Deliberations-du-CM-du-12-juillet-2023<\/a><a href=\"https:\/\/campome.com\/wp-content\/uploads\/2024\/02\/Deliberations-du-CM-du-12-juillet-2023.pdf\" class=\"wp-block-file__button wp-element-button\" download aria-describedby=\"wp-block-file--media-5ffbbf32-3af3-482e-baf2-1bdfbd1e7d76\">T\u00e9l\u00e9charger<\/a><\/div>\n\n\n\n<div class=\"wp-block-file\"><a id=\"wp-block-file--media-a6380b16-dc8c-4b5d-85cf-c4a0715484d2\" href=\"https:\/\/campome.com\/wp-content\/uploads\/2023\/07\/Ordre-du-jour-CM-du-9-juin-2023.pdf\">Ordre-du-jour-CM-du-9-juin-2023<\/a><a href=\"https:\/\/campome.com\/wp-content\/uploads\/2023\/07\/Ordre-du-jour-CM-du-9-juin-2023.pdf\" class=\"wp-block-file__button wp-element-button\" download aria-describedby=\"wp-block-file--media-a6380b16-dc8c-4b5d-85cf-c4a0715484d2\">T\u00e9l\u00e9charger<\/a><\/div>\n\n\n\n<div class=\"wp-block-file\"><a id=\"wp-block-file--media-78f43546-213c-47b1-b263-043a8774a940\" href=\"https:\/\/campome.com\/wp-content\/uploads\/2023\/07\/Deliberation-CM-du-9-mai-2023.pdf\">Deliberation-CM-du-9-mai-2023<\/a><a href=\"https:\/\/campome.com\/wp-content\/uploads\/2023\/07\/Deliberation-CM-du-9-mai-2023.pdf\" class=\"wp-block-file__button wp-element-button\" download aria-describedby=\"wp-block-file--media-78f43546-213c-47b1-b263-043a8774a940\">T\u00e9l\u00e9charger<\/a><\/div>\n\n\n\n<div class=\"wp-block-file\"><a id=\"wp-block-file--media-314e67fd-3ccf-4818-8a1f-8f3475d27855\" href=\"https:\/\/campome.com\/wp-content\/uploads\/2023\/04\/deliberation-CM-du-29-mars-23.pdf\">deliberation-CM-du-29-mars-23<\/a><a href=\"https:\/\/campome.com\/wp-content\/uploads\/2023\/04\/deliberation-CM-du-29-mars-23.pdf\" class=\"wp-block-file__button wp-element-button\" download aria-describedby=\"wp-block-file--media-314e67fd-3ccf-4818-8a1f-8f3475d27855\">T\u00e9l\u00e9charger<\/a><\/div>\n\n\n\n<div class=\"wp-block-file\"><a id=\"wp-block-file--media-adcbc805-4ce4-4fd8-95be-1e598ed9c0d6\" href=\"https:\/\/campome.com\/wp-content\/uploads\/2024\/11\/PV-Conseil-communautaire-du-1er-decembre-22.pdf\">PV  Conseil communautaire du 1er d\u00e9cembre 22<\/a><a href=\"https:\/\/campome.com\/wp-content\/uploads\/2024\/11\/PV-Conseil-communautaire-du-1er-decembre-22.pdf\" class=\"wp-block-file__button wp-element-button\" download aria-describedby=\"wp-block-file--media-adcbc805-4ce4-4fd8-95be-1e598ed9c0d6\">T\u00e9l\u00e9charger<\/a><\/div>\n\n\n\n<div class=\"wp-block-file\"><a id=\"wp-block-file--media-08e4f54e-b1a7-4c04-8fab-bda146d157a6\" href=\"https:\/\/campome.com\/wp-content\/uploads\/2022\/12\/Deliberations-CM-30-novembre-22.pdf\">Deliberations-CM-30-novembre-22<\/a><a href=\"https:\/\/campome.com\/wp-content\/uploads\/2022\/12\/Deliberations-CM-30-novembre-22.pdf\" class=\"wp-block-file__button wp-element-button\" download aria-describedby=\"wp-block-file--media-08e4f54e-b1a7-4c04-8fab-bda146d157a6\">T\u00e9l\u00e9charger<br><\/a><\/div>\n\n\n\n<div class=\"wp-block-file\"><a id=\"wp-block-file--media-56b18891-82e1-4a91-96d4-578ecc58b6e8\" href=\"https:\/\/campome.com\/wp-content\/uploads\/2022\/09\/Deliberation-du-CM-du-7-septembre-22.pdf\">Deliberation-CM-du-7-septembre-22<\/a><a href=\"https:\/\/campome.com\/wp-content\/uploads\/2022\/09\/Deliberation-du-CM-du-7-septembre-22.pdf\" class=\"wp-block-file__button wp-element-button\" download aria-describedby=\"wp-block-file--media-56b18891-82e1-4a91-96d4-578ecc58b6e8\">T\u00e9l\u00e9charger<\/a><\/div>\n\n\n\n<div class=\"wp-block-file\"><a id=\"wp-block-file--media-fe484e6e-077b-4bc1-b6c5-e87a276b02d1\" href=\"https:\/\/campome.com\/wp-content\/uploads\/2022\/09\/Deliberation-du-CM-du-7-juillet-22.pdf\">Deliberation-du-CM-du-7-juillet-22<\/a><a href=\"https:\/\/campome.com\/wp-content\/uploads\/2022\/09\/Deliberation-du-CM-du-7-juillet-22.pdf\" class=\"wp-block-file__button wp-element-button\" download aria-describedby=\"wp-block-file--media-fe484e6e-077b-4bc1-b6c5-e87a276b02d1\">T\u00e9l\u00e9charger<\/a><\/div>\n\n\n\n<div class=\"wp-block-file\"><a id=\"wp-block-file--media-94912b97-21b3-4e0e-8523-38ae80823351\" href=\"https:\/\/campome.com\/wp-content\/uploads\/2022\/05\/Deliberations-CM-du-13-avril-22.pdf\">Deliberations-CM-du-30 mars-22<\/a><a href=\"https:\/\/campome.com\/wp-content\/uploads\/2022\/05\/Deliberations-CM-du-13-avril-22.pdf\" class=\"wp-block-file__button wp-element-button\" download aria-describedby=\"wp-block-file--media-94912b97-21b3-4e0e-8523-38ae80823351\">T\u00e9l\u00e9charger<\/a><\/div>\n\n\n\n<div class=\"wp-block-file\"><a id=\"wp-block-file--media-2720e156-37ba-411f-8cf3-10ea4566ad65\" href=\"http:\/\/campome.com\/wp-content\/uploads\/2021\/12\/Deliberation-du-CM-du-24-novembre-2021.pdf\">Deliberation-du-CM-du-24-novembre-2021<\/a><a href=\"http:\/\/campome.com\/wp-content\/uploads\/2021\/12\/Deliberation-du-CM-du-24-novembre-2021.pdf\" class=\"wp-block-file__button wp-element-button\" download aria-describedby=\"wp-block-file--media-2720e156-37ba-411f-8cf3-10ea4566ad65\">T\u00e9l\u00e9charger<\/a><\/div>\n\n\n\n<div class=\"wp-block-file\"><a id=\"wp-block-file--media-5249cfb6-df3c-4af8-9297-5a8105756559\" href=\"http:\/\/campome.com\/wp-content\/uploads\/2021\/07\/Deliberation-du-CM-du-7-juillet-2021.pdf\">Deliberation-du-CM-du-7-juillet-2021<\/a><a href=\"http:\/\/campome.com\/wp-content\/uploads\/2021\/07\/Deliberation-du-CM-du-7-juillet-2021.pdf\" class=\"wp-block-file__button wp-element-button\" download aria-describedby=\"wp-block-file--media-5249cfb6-df3c-4af8-9297-5a8105756559\">T\u00e9l\u00e9charger<\/a><\/div>\n\n\n\n<div class=\"wp-block-file\"><a id=\"wp-block-file--media-f34e9247-915e-4ff3-8b93-70e5263591a0\" href=\"http:\/\/campome.com\/wp-content\/uploads\/2021\/05\/Deliberation-CM-du-21-avril-2021.pdf\">Deliberation-CM-du-21-avril-2021<\/a><a href=\"http:\/\/campome.com\/wp-content\/uploads\/2021\/05\/Deliberation-CM-du-21-avril-2021.pdf\" class=\"wp-block-file__button wp-element-button\" download aria-describedby=\"wp-block-file--media-f34e9247-915e-4ff3-8b93-70e5263591a0\">T\u00e9l\u00e9charger<\/a><\/div>\n\n\n\n<div class=\"wp-block-file\"><a id=\"wp-block-file--media-a115d660-4247-497a-a906-d6862190e840\" href=\"http:\/\/campome.com\/wp-content\/uploads\/2021\/03\/Deliberation-CM-sceance-du-10-mars-2021.pdf\">D\u00e9lib\u00e9ration conseil municipal du 10 mars 2021<\/a><a href=\"http:\/\/campome.com\/wp-content\/uploads\/2021\/03\/Deliberation-CM-sceance-du-10-mars-2021.pdf\" class=\"wp-block-file__button wp-element-button\" download aria-describedby=\"wp-block-file--media-a115d660-4247-497a-a906-d6862190e840\">T\u00e9l\u00e9charger<\/a><\/div>\n\n\n\n<div class=\"wp-block-file\"><a id=\"wp-block-file--media-fa122e47-14d4-4c8f-ad97-905e548e3827\" href=\"http:\/\/campome.com\/wp-content\/uploads\/2020\/12\/D\u00e9lib\u00e9ration-du-Conseil-Municipal-du-2-d\u00e9cembre-2020.pdf\">D\u00e9lib\u00e9ration conseil municipal du 2 d\u00e9cembre 2020<\/a><a href=\"http:\/\/campome.com\/wp-content\/uploads\/2020\/12\/D\u00e9lib\u00e9ration-du-Conseil-Municipal-du-2-d\u00e9cembre-2020.pdf\" class=\"wp-block-file__button wp-element-button\" download aria-describedby=\"wp-block-file--media-fa122e47-14d4-4c8f-ad97-905e548e3827\">T\u00e9l\u00e9charger<\/a><\/div>\n\n\n\n<div class=\"wp-block-file\"><a id=\"wp-block-file--media-07732b1a-9333-4b42-906e-ca80855bf001\" href=\"http:\/\/campome.com\/wp-content\/uploads\/2020\/10\/D\u00e9lib\u00e9rations-CM-du-14octobre-2020.pdf\">D\u00e9lib\u00e9rations-conseil municipal du 14 octobre 2020<\/a><a href=\"http:\/\/campome.com\/wp-content\/uploads\/2020\/10\/D\u00e9lib\u00e9rations-CM-du-14octobre-2020.pdf\" class=\"wp-block-file__button wp-element-button\" download aria-describedby=\"wp-block-file--media-07732b1a-9333-4b42-906e-ca80855bf001\">T\u00e9l\u00e9charger<\/a><\/div>\n\n\n\n<div class=\"wp-block-file\"><a id=\"wp-block-file--media-d33090c3-fa27-41d2-b512-227842389592\" href=\"http:\/\/campome.com\/wp-content\/uploads\/2020\/08\/D\u00e9lib\u00e9ration-conseil-municipal-du-22-juillet-2020.pdf\">D\u00e9lib\u00e9rations conseil municipal du 22 juillet 2020<\/a><a href=\"http:\/\/campome.com\/wp-content\/uploads\/2020\/08\/D\u00e9lib\u00e9ration-conseil-municipal-du-22-juillet-2020.pdf\" class=\"wp-block-file__button wp-element-button\" download aria-describedby=\"wp-block-file--media-d33090c3-fa27-41d2-b512-227842389592\">T\u00e9l\u00e9charger<\/a><\/div>\n\n\n\n<div class=\"wp-block-file\"><a id=\"wp-block-file--media-501a9c50-a6e9-4956-8145-efb88064b861\" href=\"http:\/\/campome.com\/wp-content\/uploads\/2020\/08\/D\u00e9lib\u00e9ration-conseil-municipal-du-3-juin-2020.pdf\">D\u00e9lib\u00e9rations conseil municipal du 3 juin 2020<\/a><a href=\"http:\/\/campome.com\/wp-content\/uploads\/2020\/08\/D\u00e9lib\u00e9ration-conseil-municipal-du-3-juin-2020.pdf\" class=\"wp-block-file__button wp-element-button\" download aria-describedby=\"wp-block-file--media-501a9c50-a6e9-4956-8145-efb88064b861\">T\u00e9l\u00e9charger<\/a><\/div>\n","protected":false},"excerpt":{"rendered":"<p>Consultez ici les diff\u00e9rents comptes rendus de conseils municipaux publi\u00e9s&nbsp;apr\u00e8s d\u00e9lib\u00e9ration vis\u00e9e par le contr\u00f4le de l\u00e9galit\u00e9 de la pr\u00e9fecture.<\/p>\n","protected":false},"author":1,"featured_media":0,"parent":0,"menu_order":0,"comment_status":"closed","ping_status":"closed","template":"full-width-page-template.php","meta":{"_monsterinsights_skip_tracking":false,"_monsterinsights_sitenote_active":false,"_monsterinsights_sitenote_note":"","_monsterinsights_sitenote_category":0,"footnotes":""},"class_list":["post-347","page","type-page","status-publish","hentry"],"yoast_head":"<!-- This site is optimized with the Yoast SEO plugin v27.4 - https:\/\/yoast.com\/product\/yoast-seo-wordpress\/ -->\n<title>Les conseils municipaux - Mairie de Camp\u00f4me<\/title>\n<meta name=\"robots\" content=\"index, follow, max-snippet:-1, max-image-preview:large, max-video-preview:-1\" \/>\n<link rel=\"canonical\" href=\"https:\/\/campome.com\/index.php\/comptes-rendus-de-conseils-municipaux\/\" \/>\n<meta property=\"og:locale\" content=\"fr_FR\" \/>\n<meta property=\"og:type\" content=\"article\" \/>\n<meta property=\"og:title\" content=\"Les conseils municipaux - Mairie de Camp\u00f4me\" \/>\n<meta property=\"og:description\" content=\"Consultez ici les diff\u00e9rents comptes rendus de conseils municipaux publi\u00e9s&nbsp;apr\u00e8s d\u00e9lib\u00e9ration vis\u00e9e par le contr\u00f4le de l\u00e9galit\u00e9 de la pr\u00e9fecture.\" \/>\n<meta property=\"og:url\" content=\"https:\/\/campome.com\/index.php\/comptes-rendus-de-conseils-municipaux\/\" \/>\n<meta property=\"og:site_name\" content=\"Mairie de Camp\u00f4me\" \/>\n<meta property=\"article:modified_time\" content=\"2026-04-08T10:53:46+00:00\" \/>\n<meta name=\"twitter:card\" content=\"summary_large_image\" \/>\n<meta name=\"twitter:label1\" content=\"Dur\u00e9e de lecture estim\u00e9e\" \/>\n\t<meta name=\"twitter:data1\" content=\"1 minute\" \/>\n<script type=\"application\/ld+json\" class=\"yoast-schema-graph\">{\"@context\":\"https:\\\/\\\/schema.org\",\"@graph\":[{\"@type\":\"WebPage\",\"@id\":\"https:\\\/\\\/campome.com\\\/index.php\\\/comptes-rendus-de-conseils-municipaux\\\/\",\"url\":\"https:\\\/\\\/campome.com\\\/index.php\\\/comptes-rendus-de-conseils-municipaux\\\/\",\"name\":\"Les conseils municipaux - Mairie de Camp\u00f4me\",\"isPartOf\":{\"@id\":\"https:\\\/\\\/campome.com\\\/#website\"},\"datePublished\":\"2020-07-25T14:53:02+00:00\",\"dateModified\":\"2026-04-08T10:53:46+00:00\",\"breadcrumb\":{\"@id\":\"https:\\\/\\\/campome.com\\\/index.php\\\/comptes-rendus-de-conseils-municipaux\\\/#breadcrumb\"},\"inLanguage\":\"fr-FR\",\"potentialAction\":[{\"@type\":\"ReadAction\",\"target\":[\"https:\\\/\\\/campome.com\\\/index.php\\\/comptes-rendus-de-conseils-municipaux\\\/\"]}]},{\"@type\":\"BreadcrumbList\",\"@id\":\"https:\\\/\\\/campome.com\\\/index.php\\\/comptes-rendus-de-conseils-municipaux\\\/#breadcrumb\",\"itemListElement\":[{\"@type\":\"ListItem\",\"position\":1,\"name\":\"Accueil\",\"item\":\"https:\\\/\\\/campome.com\\\/\"},{\"@type\":\"ListItem\",\"position\":2,\"name\":\"Les conseils municipaux\"}]},{\"@type\":\"WebSite\",\"@id\":\"https:\\\/\\\/campome.com\\\/#website\",\"url\":\"https:\\\/\\\/campome.com\\\/\",\"name\":\"Mairie de Camp\u00f4me\",\"description\":\"Bienvenue sur le site de la mairie de Camp\u00f4me\",\"potentialAction\":[{\"@type\":\"SearchAction\",\"target\":{\"@type\":\"EntryPoint\",\"urlTemplate\":\"https:\\\/\\\/campome.com\\\/?s={search_term_string}\"},\"query-input\":{\"@type\":\"PropertyValueSpecification\",\"valueRequired\":true,\"valueName\":\"search_term_string\"}}],\"inLanguage\":\"fr-FR\"}]}<\/script>\n<!-- \/ Yoast SEO plugin. -->","yoast_head_json":{"title":"Les conseils municipaux - Mairie de Camp\u00f4me","robots":{"index":"index","follow":"follow","max-snippet":"max-snippet:-1","max-image-preview":"max-image-preview:large","max-video-preview":"max-video-preview:-1"},"canonical":"https:\/\/campome.com\/index.php\/comptes-rendus-de-conseils-municipaux\/","og_locale":"fr_FR","og_type":"article","og_title":"Les conseils municipaux - Mairie de Camp\u00f4me","og_description":"Consultez ici les diff\u00e9rents comptes rendus de conseils municipaux publi\u00e9s&nbsp;apr\u00e8s d\u00e9lib\u00e9ration vis\u00e9e par le contr\u00f4le de l\u00e9galit\u00e9 de la pr\u00e9fecture.","og_url":"https:\/\/campome.com\/index.php\/comptes-rendus-de-conseils-municipaux\/","og_site_name":"Mairie de Camp\u00f4me","article_modified_time":"2026-04-08T10:53:46+00:00","twitter_card":"summary_large_image","twitter_misc":{"Dur\u00e9e de lecture estim\u00e9e":"1 minute"},"schema":{"@context":"https:\/\/schema.org","@graph":[{"@type":"WebPage","@id":"https:\/\/campome.com\/index.php\/comptes-rendus-de-conseils-municipaux\/","url":"https:\/\/campome.com\/index.php\/comptes-rendus-de-conseils-municipaux\/","name":"Les conseils municipaux - Mairie de Camp\u00f4me","isPartOf":{"@id":"https:\/\/campome.com\/#website"},"datePublished":"2020-07-25T14:53:02+00:00","dateModified":"2026-04-08T10:53:46+00:00","breadcrumb":{"@id":"https:\/\/campome.com\/index.php\/comptes-rendus-de-conseils-municipaux\/#breadcrumb"},"inLanguage":"fr-FR","potentialAction":[{"@type":"ReadAction","target":["https:\/\/campome.com\/index.php\/comptes-rendus-de-conseils-municipaux\/"]}]},{"@type":"BreadcrumbList","@id":"https:\/\/campome.com\/index.php\/comptes-rendus-de-conseils-municipaux\/#breadcrumb","itemListElement":[{"@type":"ListItem","position":1,"name":"Accueil","item":"https:\/\/campome.com\/"},{"@type":"ListItem","position":2,"name":"Les conseils municipaux"}]},{"@type":"WebSite","@id":"https:\/\/campome.com\/#website","url":"https:\/\/campome.com\/","name":"Mairie de Camp\u00f4me","description":"Bienvenue sur le site de la mairie de Camp\u00f4me","potentialAction":[{"@type":"SearchAction","target":{"@type":"EntryPoint","urlTemplate":"https:\/\/campome.com\/?s={search_term_string}"},"query-input":{"@type":"PropertyValueSpecification","valueRequired":true,"valueName":"search_term_string"}}],"inLanguage":"fr-FR"}]}},"_links":{"self":[{"href":"https:\/\/campome.com\/index.php\/wp-json\/wp\/v2\/pages\/347","targetHints":{"allow":["GET"]}}],"collection":[{"href":"https:\/\/campome.com\/index.php\/wp-json\/wp\/v2\/pages"}],"about":[{"href":"https:\/\/campome.com\/index.php\/wp-json\/wp\/v2\/types\/page"}],"author":[{"embeddable":true,"href":"https:\/\/campome.com\/index.php\/wp-json\/wp\/v2\/users\/1"}],"replies":[{"embeddable":true,"href":"https:\/\/campome.com\/index.php\/wp-json\/wp\/v2\/comments?post=347"}],"version-history":[{"count":32,"href":"https:\/\/campome.com\/index.php\/wp-json\/wp\/v2\/pages\/347\/revisions"}],"predecessor-version":[{"id":2603,"href":"https:\/\/campome.com\/index.php\/wp-json\/wp\/v2\/pages\/347\/revisions\/2603"}],"wp:attachment":[{"href":"https:\/\/campome.com\/index.php\/wp-json\/wp\/v2\/media?parent=347"}],"curies":[{"name":"wp","href":"https:\/\/api.w.org\/{rel}","templated":true}]}}