{"id":428,"date":"2020-07-26T18:47:44","date_gmt":"2020-07-26T16:47:44","guid":{"rendered":"http:\/\/campome.com\/?page_id=428"},"modified":"2022-02-17T19:38:53","modified_gmt":"2022-02-17T18:38:53","slug":"la-montagne","status":"publish","type":"page","link":"https:\/\/campome.com\/index.php\/la-montagne\/","title":{"rendered":"La montagne"},"content":{"rendered":"\n<figure class=\"wp-block-gallery columns-2 is-cropped wp-block-gallery-1 is-layout-flex wp-block-gallery-is-layout-flex\"><ul class=\"blocks-gallery-grid\"><li class=\"blocks-gallery-item\"><figure><img loading=\"lazy\" decoding=\"async\" width=\"1024\" height=\"768\" src=\"http:\/\/campome.com\/wp-content\/uploads\/2020\/07\/IMG_20190502_104244-1-1024x768.jpg\" alt=\"\" data-id=\"496\" data-full-url=\"http:\/\/campome.com\/wp-content\/uploads\/2020\/07\/IMG_20190502_104244-1-scaled.jpg\" data-link=\"http:\/\/campome.com\/sdr-4\/\" class=\"wp-image-496\" srcset=\"https:\/\/campome.com\/wp-content\/uploads\/2020\/07\/IMG_20190502_104244-1-1024x768.jpg 1024w, https:\/\/campome.com\/wp-content\/uploads\/2020\/07\/IMG_20190502_104244-1-300x225.jpg 300w, https:\/\/campome.com\/wp-content\/uploads\/2020\/07\/IMG_20190502_104244-1-768x576.jpg 768w, https:\/\/campome.com\/wp-content\/uploads\/2020\/07\/IMG_20190502_104244-1-1536x1152.jpg 1536w, https:\/\/campome.com\/wp-content\/uploads\/2020\/07\/IMG_20190502_104244-1-2048x1536.jpg 2048w, https:\/\/campome.com\/wp-content\/uploads\/2020\/07\/IMG_20190502_104244-1-900x675.jpg 900w, https:\/\/campome.com\/wp-content\/uploads\/2020\/07\/IMG_20190502_104244-1-1280x960.jpg 1280w\" sizes=\"auto, (max-width: 1024px) 100vw, 1024px\" \/><figcaption class=\"blocks-gallery-item__caption\">Train jaune <br>(photographie L.S. Mairie de Camp\u00f4me)<\/figcaption><\/figure><\/li><li class=\"blocks-gallery-item\"><figure><img loading=\"lazy\" decoding=\"async\" width=\"1024\" height=\"768\" src=\"http:\/\/campome.com\/wp-content\/uploads\/2020\/07\/IMG_20190502_104238-1-1024x768.jpg\" alt=\"\" data-id=\"495\" data-full-url=\"http:\/\/campome.com\/wp-content\/uploads\/2020\/07\/IMG_20190502_104238-1-scaled.jpg\" data-link=\"http:\/\/campome.com\/sdr-3\/\" class=\"wp-image-495\" srcset=\"https:\/\/campome.com\/wp-content\/uploads\/2020\/07\/IMG_20190502_104238-1-1024x768.jpg 1024w, https:\/\/campome.com\/wp-content\/uploads\/2020\/07\/IMG_20190502_104238-1-300x225.jpg 300w, https:\/\/campome.com\/wp-content\/uploads\/2020\/07\/IMG_20190502_104238-1-768x576.jpg 768w, https:\/\/campome.com\/wp-content\/uploads\/2020\/07\/IMG_20190502_104238-1-1536x1152.jpg 1536w, https:\/\/campome.com\/wp-content\/uploads\/2020\/07\/IMG_20190502_104238-1-2048x1536.jpg 2048w, https:\/\/campome.com\/wp-content\/uploads\/2020\/07\/IMG_20190502_104238-1-900x675.jpg 900w, https:\/\/campome.com\/wp-content\/uploads\/2020\/07\/IMG_20190502_104238-1-1280x960.jpg 1280w\" sizes=\"auto, (max-width: 1024px) 100vw, 1024px\" \/><figcaption class=\"blocks-gallery-item__caption\">Train jaune sur le pont S\u00e9journ\u00e9<br>(photographie L.S. Mairie de Camp\u00f4me)<\/figcaption><\/figure><\/li><\/ul><\/figure>\n\n\n\n<ul class=\"wp-block-list\"><li><a href=\"https:\/\/www.pyrenees-cerdagne.com\/decouvrir\/le-train-jaune\/l-histoire-du-train\">https:\/\/www.pyrenees-cerdagne.com\/decouvrir\/le-train-jaune\/l-histoire-du-train<\/a><\/li><li><a aria-label=\"undefined (s\u2019ouvre dans un nouvel onglet)\" href=\"https:\/\/www.facebook.com\/france3\/videos\/594037364828263\" target=\"_blank\" rel=\"noreferrer noopener\">https:\/\/www.facebook.com\/france3\/videos\/594037364828263<\/a><\/li><\/ul>\n\n\n\n<figure class=\"wp-block-gallery columns-2 is-cropped wp-block-gallery-2 is-layout-flex wp-block-gallery-is-layout-flex\"><ul class=\"blocks-gallery-grid\"><li class=\"blocks-gallery-item\"><figure><img loading=\"lazy\" decoding=\"async\" width=\"1024\" height=\"768\" src=\"http:\/\/campome.com\/wp-content\/uploads\/2020\/07\/IMG_20190430_135741-1024x768.jpg\" alt=\"\" data-id=\"571\" data-full-url=\"http:\/\/campome.com\/wp-content\/uploads\/2020\/07\/IMG_20190430_135741-scaled.jpg\" data-link=\"http:\/\/campome.com\/dig\/\" class=\"wp-image-571\" srcset=\"https:\/\/campome.com\/wp-content\/uploads\/2020\/07\/IMG_20190430_135741-1024x768.jpg 1024w, https:\/\/campome.com\/wp-content\/uploads\/2020\/07\/IMG_20190430_135741-300x225.jpg 300w, https:\/\/campome.com\/wp-content\/uploads\/2020\/07\/IMG_20190430_135741-768x576.jpg 768w, https:\/\/campome.com\/wp-content\/uploads\/2020\/07\/IMG_20190430_135741-1536x1152.jpg 1536w, https:\/\/campome.com\/wp-content\/uploads\/2020\/07\/IMG_20190430_135741-2048x1536.jpg 2048w, https:\/\/campome.com\/wp-content\/uploads\/2020\/07\/IMG_20190430_135741-900x675.jpg 900w, https:\/\/campome.com\/wp-content\/uploads\/2020\/07\/IMG_20190430_135741-1280x960.jpg 1280w\" sizes=\"auto, (max-width: 1024px) 100vw, 1024px\" \/><figcaption class=\"blocks-gallery-item__caption\">Pont Gisclard<br>(photographie L.S. Mairie de Camp\u00f4me)<\/figcaption><\/figure><\/li><li class=\"blocks-gallery-item\"><figure><img loading=\"lazy\" decoding=\"async\" width=\"1024\" height=\"768\" src=\"http:\/\/campome.com\/wp-content\/uploads\/2020\/07\/IMG_20190430_113902-1024x768.jpg\" alt=\"\" data-id=\"570\" data-full-url=\"http:\/\/campome.com\/wp-content\/uploads\/2020\/07\/IMG_20190430_113902-scaled.jpg\" data-link=\"http:\/\/campome.com\/btr\/\" class=\"wp-image-570\" srcset=\"https:\/\/campome.com\/wp-content\/uploads\/2020\/07\/IMG_20190430_113902-1024x768.jpg 1024w, https:\/\/campome.com\/wp-content\/uploads\/2020\/07\/IMG_20190430_113902-300x225.jpg 300w, https:\/\/campome.com\/wp-content\/uploads\/2020\/07\/IMG_20190430_113902-768x576.jpg 768w, https:\/\/campome.com\/wp-content\/uploads\/2020\/07\/IMG_20190430_113902-1536x1152.jpg 1536w, https:\/\/campome.com\/wp-content\/uploads\/2020\/07\/IMG_20190430_113902-2048x1536.jpg 2048w, https:\/\/campome.com\/wp-content\/uploads\/2020\/07\/IMG_20190430_113902-900x675.jpg 900w, https:\/\/campome.com\/wp-content\/uploads\/2020\/07\/IMG_20190430_113902-1280x960.jpg 1280w\" sizes=\"auto, (max-width: 1024px) 100vw, 1024px\" \/><figcaption class=\"blocks-gallery-item__caption\">Cerdagne<br>(photographie L.S. Mairie de Camp\u00f4me)<\/figcaption><\/figure><\/li><\/ul><\/figure>\n\n\n\n<p><strong>Page en cours de construction&#8230;<\/strong><\/p>\n","protected":false},"excerpt":{"rendered":"<p>https:\/\/www.pyrenees-cerdagne.com\/decouvrir\/le-train-jaune\/l-histoire-du-train https:\/\/www.facebook.com\/france3\/videos\/594037364828263 Page en cours de construction&#8230;<\/p>\n","protected":false},"author":1,"featured_media":0,"parent":0,"menu_order":0,"comment_status":"closed","ping_status":"closed","template":"full-width-page-template.php","meta":{"_monsterinsights_skip_tracking":false,"_monsterinsights_sitenote_active":false,"_monsterinsights_sitenote_note":"","_monsterinsights_sitenote_category":0,"footnotes":""},"class_list":["post-428","page","type-page","status-publish","hentry"],"yoast_head":"<!-- This site is optimized with the Yoast SEO plugin v27.4 - https:\/\/yoast.com\/product\/yoast-seo-wordpress\/ -->\n<title>La montagne - Mairie de Camp\u00f4me<\/title>\n<meta name=\"robots\" content=\"index, follow, max-snippet:-1, max-image-preview:large, max-video-preview:-1\" \/>\n<link rel=\"canonical\" href=\"https:\/\/campome.com\/index.php\/la-montagne\/\" \/>\n<meta property=\"og:locale\" content=\"fr_FR\" \/>\n<meta property=\"og:type\" content=\"article\" \/>\n<meta property=\"og:title\" content=\"La montagne - Mairie de Camp\u00f4me\" \/>\n<meta property=\"og:description\" content=\"https:\/\/www.pyrenees-cerdagne.com\/decouvrir\/le-train-jaune\/l-histoire-du-train https:\/\/www.facebook.com\/france3\/videos\/594037364828263 Page en cours de construction&#8230;\" \/>\n<meta property=\"og:url\" content=\"https:\/\/campome.com\/index.php\/la-montagne\/\" \/>\n<meta property=\"og:site_name\" content=\"Mairie de Camp\u00f4me\" \/>\n<meta property=\"article:modified_time\" content=\"2022-02-17T18:38:53+00:00\" \/>\n<meta property=\"og:image\" content=\"http:\/\/campome.com\/wp-content\/uploads\/2020\/07\/IMG_20190502_104244-1-1024x768.jpg\" \/>\n<meta name=\"twitter:card\" content=\"summary_large_image\" \/>\n<script type=\"application\/ld+json\" class=\"yoast-schema-graph\">{\"@context\":\"https:\\\/\\\/schema.org\",\"@graph\":[{\"@type\":\"WebPage\",\"@id\":\"https:\\\/\\\/campome.com\\\/index.php\\\/la-montagne\\\/\",\"url\":\"https:\\\/\\\/campome.com\\\/index.php\\\/la-montagne\\\/\",\"name\":\"La montagne - Mairie de Camp\u00f4me\",\"isPartOf\":{\"@id\":\"https:\\\/\\\/campome.com\\\/#website\"},\"primaryImageOfPage\":{\"@id\":\"https:\\\/\\\/campome.com\\\/index.php\\\/la-montagne\\\/#primaryimage\"},\"image\":{\"@id\":\"https:\\\/\\\/campome.com\\\/index.php\\\/la-montagne\\\/#primaryimage\"},\"thumbnailUrl\":\"http:\\\/\\\/campome.com\\\/wp-content\\\/uploads\\\/2020\\\/07\\\/IMG_20190502_104244-1-1024x768.jpg\",\"datePublished\":\"2020-07-26T16:47:44+00:00\",\"dateModified\":\"2022-02-17T18:38:53+00:00\",\"breadcrumb\":{\"@id\":\"https:\\\/\\\/campome.com\\\/index.php\\\/la-montagne\\\/#breadcrumb\"},\"inLanguage\":\"fr-FR\",\"potentialAction\":[{\"@type\":\"ReadAction\",\"target\":[\"https:\\\/\\\/campome.com\\\/index.php\\\/la-montagne\\\/\"]}]},{\"@type\":\"ImageObject\",\"inLanguage\":\"fr-FR\",\"@id\":\"https:\\\/\\\/campome.com\\\/index.php\\\/la-montagne\\\/#primaryimage\",\"url\":\"http:\\\/\\\/campome.com\\\/wp-content\\\/uploads\\\/2020\\\/07\\\/IMG_20190502_104244-1-1024x768.jpg\",\"contentUrl\":\"http:\\\/\\\/campome.com\\\/wp-content\\\/uploads\\\/2020\\\/07\\\/IMG_20190502_104244-1-1024x768.jpg\"},{\"@type\":\"BreadcrumbList\",\"@id\":\"https:\\\/\\\/campome.com\\\/index.php\\\/la-montagne\\\/#breadcrumb\",\"itemListElement\":[{\"@type\":\"ListItem\",\"position\":1,\"name\":\"Accueil\",\"item\":\"https:\\\/\\\/campome.com\\\/\"},{\"@type\":\"ListItem\",\"position\":2,\"name\":\"La montagne\"}]},{\"@type\":\"WebSite\",\"@id\":\"https:\\\/\\\/campome.com\\\/#website\",\"url\":\"https:\\\/\\\/campome.com\\\/\",\"name\":\"Mairie de Camp\u00f4me\",\"description\":\"Bienvenue sur le site de la mairie de Camp\u00f4me\",\"potentialAction\":[{\"@type\":\"SearchAction\",\"target\":{\"@type\":\"EntryPoint\",\"urlTemplate\":\"https:\\\/\\\/campome.com\\\/?s={search_term_string}\"},\"query-input\":{\"@type\":\"PropertyValueSpecification\",\"valueRequired\":true,\"valueName\":\"search_term_string\"}}],\"inLanguage\":\"fr-FR\"}]}<\/script>\n<!-- \/ Yoast SEO plugin. -->","yoast_head_json":{"title":"La montagne - Mairie de Camp\u00f4me","robots":{"index":"index","follow":"follow","max-snippet":"max-snippet:-1","max-image-preview":"max-image-preview:large","max-video-preview":"max-video-preview:-1"},"canonical":"https:\/\/campome.com\/index.php\/la-montagne\/","og_locale":"fr_FR","og_type":"article","og_title":"La montagne - Mairie de Camp\u00f4me","og_description":"https:\/\/www.pyrenees-cerdagne.com\/decouvrir\/le-train-jaune\/l-histoire-du-train https:\/\/www.facebook.com\/france3\/videos\/594037364828263 Page en cours de construction&#8230;","og_url":"https:\/\/campome.com\/index.php\/la-montagne\/","og_site_name":"Mairie de Camp\u00f4me","article_modified_time":"2022-02-17T18:38:53+00:00","og_image":[{"url":"http:\/\/campome.com\/wp-content\/uploads\/2020\/07\/IMG_20190502_104244-1-1024x768.jpg","type":"","width":"","height":""}],"twitter_card":"summary_large_image","schema":{"@context":"https:\/\/schema.org","@graph":[{"@type":"WebPage","@id":"https:\/\/campome.com\/index.php\/la-montagne\/","url":"https:\/\/campome.com\/index.php\/la-montagne\/","name":"La montagne - Mairie de Camp\u00f4me","isPartOf":{"@id":"https:\/\/campome.com\/#website"},"primaryImageOfPage":{"@id":"https:\/\/campome.com\/index.php\/la-montagne\/#primaryimage"},"image":{"@id":"https:\/\/campome.com\/index.php\/la-montagne\/#primaryimage"},"thumbnailUrl":"http:\/\/campome.com\/wp-content\/uploads\/2020\/07\/IMG_20190502_104244-1-1024x768.jpg","datePublished":"2020-07-26T16:47:44+00:00","dateModified":"2022-02-17T18:38:53+00:00","breadcrumb":{"@id":"https:\/\/campome.com\/index.php\/la-montagne\/#breadcrumb"},"inLanguage":"fr-FR","potentialAction":[{"@type":"ReadAction","target":["https:\/\/campome.com\/index.php\/la-montagne\/"]}]},{"@type":"ImageObject","inLanguage":"fr-FR","@id":"https:\/\/campome.com\/index.php\/la-montagne\/#primaryimage","url":"http:\/\/campome.com\/wp-content\/uploads\/2020\/07\/IMG_20190502_104244-1-1024x768.jpg","contentUrl":"http:\/\/campome.com\/wp-content\/uploads\/2020\/07\/IMG_20190502_104244-1-1024x768.jpg"},{"@type":"BreadcrumbList","@id":"https:\/\/campome.com\/index.php\/la-montagne\/#breadcrumb","itemListElement":[{"@type":"ListItem","position":1,"name":"Accueil","item":"https:\/\/campome.com\/"},{"@type":"ListItem","position":2,"name":"La montagne"}]},{"@type":"WebSite","@id":"https:\/\/campome.com\/#website","url":"https:\/\/campome.com\/","name":"Mairie de Camp\u00f4me","description":"Bienvenue sur le site de la mairie de Camp\u00f4me","potentialAction":[{"@type":"SearchAction","target":{"@type":"EntryPoint","urlTemplate":"https:\/\/campome.com\/?s={search_term_string}"},"query-input":{"@type":"PropertyValueSpecification","valueRequired":true,"valueName":"search_term_string"}}],"inLanguage":"fr-FR"}]}},"_links":{"self":[{"href":"https:\/\/campome.com\/index.php\/wp-json\/wp\/v2\/pages\/428","targetHints":{"allow":["GET"]}}],"collection":[{"href":"https:\/\/campome.com\/index.php\/wp-json\/wp\/v2\/pages"}],"about":[{"href":"https:\/\/campome.com\/index.php\/wp-json\/wp\/v2\/types\/page"}],"author":[{"embeddable":true,"href":"https:\/\/campome.com\/index.php\/wp-json\/wp\/v2\/users\/1"}],"replies":[{"embeddable":true,"href":"https:\/\/campome.com\/index.php\/wp-json\/wp\/v2\/comments?post=428"}],"version-history":[{"count":8,"href":"https:\/\/campome.com\/index.php\/wp-json\/wp\/v2\/pages\/428\/revisions"}],"predecessor-version":[{"id":1508,"href":"https:\/\/campome.com\/index.php\/wp-json\/wp\/v2\/pages\/428\/revisions\/1508"}],"wp:attachment":[{"href":"https:\/\/campome.com\/index.php\/wp-json\/wp\/v2\/media?parent=428"}],"curies":[{"name":"wp","href":"https:\/\/api.w.org\/{rel}","templated":true}]}}