{"id":743,"date":"2020-11-07T16:13:22","date_gmt":"2020-11-07T15:13:22","guid":{"rendered":"http:\/\/campome.com\/?page_id=743"},"modified":"2025-03-04T12:03:47","modified_gmt":"2025-03-04T11:03:47","slug":"finances","status":"publish","type":"page","link":"https:\/\/campome.com\/index.php\/finances\/","title":{"rendered":"Finances"},"content":{"rendered":"\n<div class=\"wp-block-file\"><a id=\"wp-block-file--media-39250d1b-6f5d-40bf-b121-b031da91eea5\" href=\"https:\/\/campome.com\/wp-content\/uploads\/2025\/03\/Presentation-commission-finances-21-novembre-2024.pdf\">Pr\u00e9sentation commission finances 21 novembre 2024<\/a><a href=\"https:\/\/campome.com\/wp-content\/uploads\/2025\/03\/Presentation-commission-finances-21-novembre-2024.pdf\" class=\"wp-block-file__button wp-element-button\" download aria-describedby=\"wp-block-file--media-39250d1b-6f5d-40bf-b121-b031da91eea5\">T\u00e9l\u00e9charger<\/a><\/div>\n\n\n\n<div class=\"wp-block-file\"><a id=\"wp-block-file--media-e6b5159f-c81a-459e-83bc-d44d0751653f\" href=\"https:\/\/campome.com\/wp-content\/uploads\/2025\/03\/Volumes-et-loyer-station-service-Olette.pdf\">Volumes et loyer station service Olette<\/a><a href=\"https:\/\/campome.com\/wp-content\/uploads\/2025\/03\/Volumes-et-loyer-station-service-Olette.pdf\" class=\"wp-block-file__button wp-element-button\" download aria-describedby=\"wp-block-file--media-e6b5159f-c81a-459e-83bc-d44d0751653f\">T\u00e9l\u00e9charger<\/a><\/div>\n\n\n\n<div class=\"wp-block-file\"><a id=\"wp-block-file--media-7cf2a2df-3f38-4e94-972c-3d5bc8bcc84c\" href=\"https:\/\/campome.com\/wp-content\/uploads\/2024\/01\/CR-commission-finance-budget-2023.pdf\">CR-commission-finance- 9 novembre 2023<\/a><a href=\"https:\/\/campome.com\/wp-content\/uploads\/2024\/01\/CR-commission-finance-budget-2023.pdf\" class=\"wp-block-file__button wp-element-button\" download aria-describedby=\"wp-block-file--media-7cf2a2df-3f38-4e94-972c-3d5bc8bcc84c\">T\u00e9l\u00e9charger<\/a><\/div>\n\n\n\n<div class=\"wp-block-file\"><a id=\"wp-block-file--media-a3bad012-01e3-4aa4-a746-cdd55cc042d1\" href=\"https:\/\/campome.com\/wp-content\/uploads\/2024\/01\/Commission-des-finances-CA2022-BP2023-mars-23.pdf\">Commission-des-finances-mars-23<\/a><a href=\"https:\/\/campome.com\/wp-content\/uploads\/2024\/01\/Commission-des-finances-CA2022-BP2023-mars-23.pdf\" class=\"wp-block-file__button wp-element-button\" download aria-describedby=\"wp-block-file--media-a3bad012-01e3-4aa4-a746-cdd55cc042d1\">T\u00e9l\u00e9charger<\/a><\/div>\n\n\n\n<div class=\"wp-block-file\"><a id=\"wp-block-file--media-d5f04d35-5868-4f6d-8d8b-1b6f6d37e68d\" href=\"http:\/\/campome.com\/wp-content\/uploads\/2022\/01\/CR-commission-des-finances-25112021.pdf\">CR-commission-des-finances-25 novembre 2021<\/a><a href=\"http:\/\/campome.com\/wp-content\/uploads\/2022\/01\/CR-commission-des-finances-25112021.pdf\" class=\"wp-block-file__button wp-element-button\" download aria-describedby=\"wp-block-file--media-d5f04d35-5868-4f6d-8d8b-1b6f6d37e68d\">T\u00e9l\u00e9charger<\/a><\/div>\n\n\n\n<div class=\"wp-block-file\"><a id=\"wp-block-file--media-b4602114-dad5-4558-835c-99a26cd6e171\" href=\"http:\/\/campome.com\/wp-content\/uploads\/2022\/01\/Commission-finance-Europe-3-decembre-2020.pdf\">Commission-finance-Europe-3-decembre-2020<\/a><a href=\"http:\/\/campome.com\/wp-content\/uploads\/2022\/01\/Commission-finance-Europe-3-decembre-2020.pdf\" class=\"wp-block-file__button wp-element-button\" download aria-describedby=\"wp-block-file--media-b4602114-dad5-4558-835c-99a26cd6e171\">T\u00e9l\u00e9charger<\/a><\/div>\n","protected":false},"excerpt":{"rendered":"","protected":false},"author":1,"featured_media":0,"parent":0,"menu_order":0,"comment_status":"closed","ping_status":"closed","template":"","meta":{"_monsterinsights_skip_tracking":false,"_monsterinsights_sitenote_active":false,"_monsterinsights_sitenote_note":"","_monsterinsights_sitenote_category":0,"footnotes":""},"class_list":["post-743","page","type-page","status-publish","hentry"],"yoast_head":"<!-- This site is optimized with the Yoast SEO plugin v27.4 - https:\/\/yoast.com\/product\/yoast-seo-wordpress\/ -->\n<title>Finances - Mairie de Camp\u00f4me<\/title>\n<meta name=\"robots\" content=\"index, follow, max-snippet:-1, max-image-preview:large, max-video-preview:-1\" \/>\n<link rel=\"canonical\" href=\"https:\/\/campome.com\/index.php\/finances\/\" \/>\n<meta property=\"og:locale\" content=\"fr_FR\" \/>\n<meta property=\"og:type\" content=\"article\" \/>\n<meta property=\"og:title\" content=\"Finances - Mairie de Camp\u00f4me\" \/>\n<meta property=\"og:url\" content=\"https:\/\/campome.com\/index.php\/finances\/\" \/>\n<meta property=\"og:site_name\" content=\"Mairie de Camp\u00f4me\" \/>\n<meta property=\"article:modified_time\" content=\"2025-03-04T11:03:47+00:00\" \/>\n<meta name=\"twitter:card\" content=\"summary_large_image\" \/>\n<meta name=\"twitter:label1\" content=\"Dur\u00e9e de lecture estim\u00e9e\" \/>\n\t<meta name=\"twitter:data1\" content=\"1 minute\" \/>\n<script type=\"application\/ld+json\" class=\"yoast-schema-graph\">{\"@context\":\"https:\\\/\\\/schema.org\",\"@graph\":[{\"@type\":\"WebPage\",\"@id\":\"https:\\\/\\\/campome.com\\\/index.php\\\/finances\\\/\",\"url\":\"https:\\\/\\\/campome.com\\\/index.php\\\/finances\\\/\",\"name\":\"Finances - Mairie de Camp\u00f4me\",\"isPartOf\":{\"@id\":\"https:\\\/\\\/campome.com\\\/#website\"},\"datePublished\":\"2020-11-07T15:13:22+00:00\",\"dateModified\":\"2025-03-04T11:03:47+00:00\",\"breadcrumb\":{\"@id\":\"https:\\\/\\\/campome.com\\\/index.php\\\/finances\\\/#breadcrumb\"},\"inLanguage\":\"fr-FR\",\"potentialAction\":[{\"@type\":\"ReadAction\",\"target\":[\"https:\\\/\\\/campome.com\\\/index.php\\\/finances\\\/\"]}]},{\"@type\":\"BreadcrumbList\",\"@id\":\"https:\\\/\\\/campome.com\\\/index.php\\\/finances\\\/#breadcrumb\",\"itemListElement\":[{\"@type\":\"ListItem\",\"position\":1,\"name\":\"Accueil\",\"item\":\"https:\\\/\\\/campome.com\\\/\"},{\"@type\":\"ListItem\",\"position\":2,\"name\":\"Finances\"}]},{\"@type\":\"WebSite\",\"@id\":\"https:\\\/\\\/campome.com\\\/#website\",\"url\":\"https:\\\/\\\/campome.com\\\/\",\"name\":\"Mairie de Camp\u00f4me\",\"description\":\"Bienvenue sur le site de la mairie de Camp\u00f4me\",\"potentialAction\":[{\"@type\":\"SearchAction\",\"target\":{\"@type\":\"EntryPoint\",\"urlTemplate\":\"https:\\\/\\\/campome.com\\\/?s={search_term_string}\"},\"query-input\":{\"@type\":\"PropertyValueSpecification\",\"valueRequired\":true,\"valueName\":\"search_term_string\"}}],\"inLanguage\":\"fr-FR\"}]}<\/script>\n<!-- \/ Yoast SEO plugin. -->","yoast_head_json":{"title":"Finances - Mairie de Camp\u00f4me","robots":{"index":"index","follow":"follow","max-snippet":"max-snippet:-1","max-image-preview":"max-image-preview:large","max-video-preview":"max-video-preview:-1"},"canonical":"https:\/\/campome.com\/index.php\/finances\/","og_locale":"fr_FR","og_type":"article","og_title":"Finances - Mairie de Camp\u00f4me","og_url":"https:\/\/campome.com\/index.php\/finances\/","og_site_name":"Mairie de Camp\u00f4me","article_modified_time":"2025-03-04T11:03:47+00:00","twitter_card":"summary_large_image","twitter_misc":{"Dur\u00e9e de lecture estim\u00e9e":"1 minute"},"schema":{"@context":"https:\/\/schema.org","@graph":[{"@type":"WebPage","@id":"https:\/\/campome.com\/index.php\/finances\/","url":"https:\/\/campome.com\/index.php\/finances\/","name":"Finances - Mairie de Camp\u00f4me","isPartOf":{"@id":"https:\/\/campome.com\/#website"},"datePublished":"2020-11-07T15:13:22+00:00","dateModified":"2025-03-04T11:03:47+00:00","breadcrumb":{"@id":"https:\/\/campome.com\/index.php\/finances\/#breadcrumb"},"inLanguage":"fr-FR","potentialAction":[{"@type":"ReadAction","target":["https:\/\/campome.com\/index.php\/finances\/"]}]},{"@type":"BreadcrumbList","@id":"https:\/\/campome.com\/index.php\/finances\/#breadcrumb","itemListElement":[{"@type":"ListItem","position":1,"name":"Accueil","item":"https:\/\/campome.com\/"},{"@type":"ListItem","position":2,"name":"Finances"}]},{"@type":"WebSite","@id":"https:\/\/campome.com\/#website","url":"https:\/\/campome.com\/","name":"Mairie de Camp\u00f4me","description":"Bienvenue sur le site de la mairie de Camp\u00f4me","potentialAction":[{"@type":"SearchAction","target":{"@type":"EntryPoint","urlTemplate":"https:\/\/campome.com\/?s={search_term_string}"},"query-input":{"@type":"PropertyValueSpecification","valueRequired":true,"valueName":"search_term_string"}}],"inLanguage":"fr-FR"}]}},"_links":{"self":[{"href":"https:\/\/campome.com\/index.php\/wp-json\/wp\/v2\/pages\/743","targetHints":{"allow":["GET"]}}],"collection":[{"href":"https:\/\/campome.com\/index.php\/wp-json\/wp\/v2\/pages"}],"about":[{"href":"https:\/\/campome.com\/index.php\/wp-json\/wp\/v2\/types\/page"}],"author":[{"embeddable":true,"href":"https:\/\/campome.com\/index.php\/wp-json\/wp\/v2\/users\/1"}],"replies":[{"embeddable":true,"href":"https:\/\/campome.com\/index.php\/wp-json\/wp\/v2\/comments?post=743"}],"version-history":[{"count":6,"href":"https:\/\/campome.com\/index.php\/wp-json\/wp\/v2\/pages\/743\/revisions"}],"predecessor-version":[{"id":2361,"href":"https:\/\/campome.com\/index.php\/wp-json\/wp\/v2\/pages\/743\/revisions\/2361"}],"wp:attachment":[{"href":"https:\/\/campome.com\/index.php\/wp-json\/wp\/v2\/media?parent=743"}],"curies":[{"name":"wp","href":"https:\/\/api.w.org\/{rel}","templated":true}]}}