{"id":759,"date":"2020-11-07T16:15:36","date_gmt":"2020-11-07T15:15:36","guid":{"rendered":"http:\/\/campome.com\/?page_id=759"},"modified":"2025-03-04T11:17:52","modified_gmt":"2025-03-04T10:17:52","slug":"agriculture","status":"publish","type":"page","link":"https:\/\/campome.com\/index.php\/agriculture\/","title":{"rendered":"Agriculture"},"content":{"rendered":"\n<div class=\"wp-block-file\"><a id=\"wp-block-file--media-eae0f3e0-2836-4791-8544-dfbb9f2bfb51\" href=\"https:\/\/campome.com\/wp-content\/uploads\/2025\/03\/CR-Agriculture-22-janvier-2025.pdf\">CR Agriculture 22-janvier-2025<\/a><a href=\"https:\/\/campome.com\/wp-content\/uploads\/2025\/03\/CR-Agriculture-22-janvier-2025.pdf\" class=\"wp-block-file__button wp-element-button\" download aria-describedby=\"wp-block-file--media-eae0f3e0-2836-4791-8544-dfbb9f2bfb51\">T\u00e9l\u00e9charger<\/a><\/div>\n\n\n\n<div class=\"wp-block-file\"><a id=\"wp-block-file--media-e1fde0cd-e9d8-43fe-8ed8-ad5f2601eef0\" href=\"https:\/\/campome.com\/wp-content\/uploads\/2025\/03\/Commission-Agriculture-22-01-25-Presentation.pdf\">Commission Agriculture 22-01-25 Pr\u00e9sentation<\/a><a href=\"https:\/\/campome.com\/wp-content\/uploads\/2025\/03\/Commission-Agriculture-22-01-25-Presentation.pdf\" class=\"wp-block-file__button wp-element-button\" download aria-describedby=\"wp-block-file--media-e1fde0cd-e9d8-43fe-8ed8-ad5f2601eef0\">T\u00e9l\u00e9charger<\/a><\/div>\n\n\n\n<div class=\"wp-block-file\"><a id=\"wp-block-file--media-41cd9582-1ac6-4394-a164-bd30ba3d4e98\" href=\"https:\/\/campome.com\/wp-content\/uploads\/2025\/03\/CR-Agriculture-21-octobre-24.pdf\">CR Agriculture  21-octobre -24<\/a><a href=\"https:\/\/campome.com\/wp-content\/uploads\/2025\/03\/CR-Agriculture-21-octobre-24.pdf\" class=\"wp-block-file__button wp-element-button\" download aria-describedby=\"wp-block-file--media-41cd9582-1ac6-4394-a164-bd30ba3d4e98\">T\u00e9l\u00e9charger<\/a><\/div>\n\n\n\n<div class=\"wp-block-file\"><a id=\"wp-block-file--media-bd60f5c3-a51c-4713-8031-2aa0c6f59a0c\" href=\"https:\/\/campome.com\/wp-content\/uploads\/2024\/06\/CR-commission-agriculture-du-25-juin2024_VF.pdf\">CR-commission-agriculture-du-25-juin2024<\/a><a href=\"https:\/\/campome.com\/wp-content\/uploads\/2024\/06\/CR-commission-agriculture-du-25-juin2024_VF.pdf\" class=\"wp-block-file__button wp-element-button\" download aria-describedby=\"wp-block-file--media-bd60f5c3-a51c-4713-8031-2aa0c6f59a0c\">T\u00e9l\u00e9charger<\/a><\/div>\n\n\n\n<div class=\"wp-block-file\"><a id=\"wp-block-file--media-5c4a32fc-4f7f-4729-9673-e88d6bd86732\" href=\"https:\/\/campome.com\/wp-content\/uploads\/2023\/07\/CR-commission-agriculture-03-01-2023.pdf\">CR-commission-agriculture-03-01-2023<\/a><a href=\"https:\/\/campome.com\/wp-content\/uploads\/2023\/07\/CR-commission-agriculture-03-01-2023.pdf\" class=\"wp-block-file__button wp-element-button\" download aria-describedby=\"wp-block-file--media-5c4a32fc-4f7f-4729-9673-e88d6bd86732\">T\u00e9l\u00e9charger<\/a><\/div>\n\n\n\n<div class=\"wp-block-file\"><a href=\"blob:https:\/\/campome.com\/31a6fc55-1767-4090-b78d-d7488f18c01f\" class=\"wp-block-file__button wp-element-button\" download>T\u00e9l\u00e9charger<\/a><\/div>\n\n\n\n<div class=\"wp-block-file\"><a id=\"wp-block-file--media-15d4db55-bb05-4f4f-a589-4cbe13b2b8e8\" href=\"http:\/\/campome.com\/wp-content\/uploads\/2021\/03\/2021-03-22-comm-agri-CR.pdf\">CR Argriculture du 22 mars 2021<\/a><a href=\"http:\/\/campome.com\/wp-content\/uploads\/2021\/03\/2021-03-22-comm-agri-CR.pdf\" class=\"wp-block-file__button wp-element-button\" download aria-describedby=\"wp-block-file--media-15d4db55-bb05-4f4f-a589-4cbe13b2b8e8\">T\u00e9l\u00e9charger<\/a><\/div>\n\n\n\n<div class=\"wp-block-file\"><a id=\"wp-block-file--media-a5c26fe8-392b-4704-abe7-82c7c3f736fb\" href=\"http:\/\/campome.com\/wp-content\/uploads\/2021\/03\/2021-02-08-comm-agri-CR.pdf\">CR  Agriculture du 8 f\u00e9vrier 2021<\/a><a href=\"http:\/\/campome.com\/wp-content\/uploads\/2021\/03\/2021-02-08-comm-agri-CR.pdf\" class=\"wp-block-file__button wp-element-button\" download aria-describedby=\"wp-block-file--media-a5c26fe8-392b-4704-abe7-82c7c3f736fb\">T\u00e9l\u00e9charger<\/a><\/div>\n\n\n\n<div class=\"wp-block-file\"><a id=\"wp-block-file--media-a34559e8-d4df-401b-b4f5-9cdb96e72623\" href=\"http:\/\/campome.com\/wp-content\/uploads\/2021\/02\/Document-Commission-agriculture-8-fevrier-21.pdf\">Document-Commission-agriculture-8-fevrier-21<\/a><a href=\"http:\/\/campome.com\/wp-content\/uploads\/2021\/02\/Document-Commission-agriculture-8-fevrier-21.pdf\" class=\"wp-block-file__button wp-element-button\" download aria-describedby=\"wp-block-file--media-a34559e8-d4df-401b-b4f5-9cdb96e72623\">T\u00e9l\u00e9charger<\/a><\/div>\n\n\n\n<div class=\"wp-block-file\"><a id=\"wp-block-file--media-3d75e7f8-ff56-42c4-91b5-8b58b5a574b1\" href=\"http:\/\/campome.com\/wp-content\/uploads\/2020\/11\/CR-Agriculture-15-10-2020.pdf\">CR-Agriculture-15-10-2020<\/a><a href=\"http:\/\/campome.com\/wp-content\/uploads\/2020\/11\/CR-Agriculture-15-10-2020.pdf\" class=\"wp-block-file__button wp-element-button\" download aria-describedby=\"wp-block-file--media-3d75e7f8-ff56-42c4-91b5-8b58b5a574b1\">T\u00e9l\u00e9charger<\/a><\/div>\n\n\n\n<div class=\"wp-block-file\"><a id=\"wp-block-file--media-53bd2b29-231d-4ace-9c5e-c702ed2fa529\" href=\"http:\/\/campome.com\/wp-content\/uploads\/2020\/11\/CR-Agriculture-29-09-2020.pdf\">CR-Agriculture-29-09-2020<\/a><a href=\"http:\/\/campome.com\/wp-content\/uploads\/2020\/11\/CR-Agriculture-29-09-2020.pdf\" class=\"wp-block-file__button wp-element-button\" download aria-describedby=\"wp-block-file--media-53bd2b29-231d-4ace-9c5e-c702ed2fa529\">T\u00e9l\u00e9charger<\/a><\/div>\n","protected":false},"excerpt":{"rendered":"","protected":false},"author":1,"featured_media":0,"parent":0,"menu_order":0,"comment_status":"closed","ping_status":"closed","template":"","meta":{"_monsterinsights_skip_tracking":false,"_monsterinsights_sitenote_active":false,"_monsterinsights_sitenote_note":"","_monsterinsights_sitenote_category":0,"footnotes":""},"class_list":["post-759","page","type-page","status-publish","hentry"],"yoast_head":"<!-- This site is optimized with the Yoast SEO plugin v27.3 - https:\/\/yoast.com\/product\/yoast-seo-wordpress\/ -->\n<title>Agriculture - Mairie de Camp\u00f4me<\/title>\n<meta name=\"robots\" content=\"index, follow, max-snippet:-1, max-image-preview:large, max-video-preview:-1\" \/>\n<link rel=\"canonical\" href=\"https:\/\/campome.com\/index.php\/agriculture\/\" \/>\n<meta property=\"og:locale\" content=\"fr_FR\" \/>\n<meta property=\"og:type\" content=\"article\" \/>\n<meta property=\"og:title\" content=\"Agriculture - Mairie de Camp\u00f4me\" \/>\n<meta property=\"og:url\" content=\"https:\/\/campome.com\/index.php\/agriculture\/\" \/>\n<meta property=\"og:site_name\" content=\"Mairie de Camp\u00f4me\" \/>\n<meta property=\"article:modified_time\" content=\"2025-03-04T10:17:52+00:00\" \/>\n<meta name=\"twitter:card\" content=\"summary_large_image\" \/>\n<meta name=\"twitter:label1\" content=\"Dur\u00e9e de lecture estim\u00e9e\" \/>\n\t<meta name=\"twitter:data1\" content=\"1 minute\" \/>\n<script type=\"application\/ld+json\" class=\"yoast-schema-graph\">{\"@context\":\"https:\\\/\\\/schema.org\",\"@graph\":[{\"@type\":\"WebPage\",\"@id\":\"https:\\\/\\\/campome.com\\\/index.php\\\/agriculture\\\/\",\"url\":\"https:\\\/\\\/campome.com\\\/index.php\\\/agriculture\\\/\",\"name\":\"Agriculture - Mairie de Camp\u00f4me\",\"isPartOf\":{\"@id\":\"https:\\\/\\\/campome.com\\\/#website\"},\"datePublished\":\"2020-11-07T15:15:36+00:00\",\"dateModified\":\"2025-03-04T10:17:52+00:00\",\"breadcrumb\":{\"@id\":\"https:\\\/\\\/campome.com\\\/index.php\\\/agriculture\\\/#breadcrumb\"},\"inLanguage\":\"fr-FR\",\"potentialAction\":[{\"@type\":\"ReadAction\",\"target\":[\"https:\\\/\\\/campome.com\\\/index.php\\\/agriculture\\\/\"]}]},{\"@type\":\"BreadcrumbList\",\"@id\":\"https:\\\/\\\/campome.com\\\/index.php\\\/agriculture\\\/#breadcrumb\",\"itemListElement\":[{\"@type\":\"ListItem\",\"position\":1,\"name\":\"Accueil\",\"item\":\"https:\\\/\\\/campome.com\\\/\"},{\"@type\":\"ListItem\",\"position\":2,\"name\":\"Agriculture\"}]},{\"@type\":\"WebSite\",\"@id\":\"https:\\\/\\\/campome.com\\\/#website\",\"url\":\"https:\\\/\\\/campome.com\\\/\",\"name\":\"Mairie de Camp\u00f4me\",\"description\":\"Bienvenue sur le site de la mairie de Camp\u00f4me\",\"potentialAction\":[{\"@type\":\"SearchAction\",\"target\":{\"@type\":\"EntryPoint\",\"urlTemplate\":\"https:\\\/\\\/campome.com\\\/?s={search_term_string}\"},\"query-input\":{\"@type\":\"PropertyValueSpecification\",\"valueRequired\":true,\"valueName\":\"search_term_string\"}}],\"inLanguage\":\"fr-FR\"}]}<\/script>\n<!-- \/ Yoast SEO plugin. -->","yoast_head_json":{"title":"Agriculture - Mairie de Camp\u00f4me","robots":{"index":"index","follow":"follow","max-snippet":"max-snippet:-1","max-image-preview":"max-image-preview:large","max-video-preview":"max-video-preview:-1"},"canonical":"https:\/\/campome.com\/index.php\/agriculture\/","og_locale":"fr_FR","og_type":"article","og_title":"Agriculture - Mairie de Camp\u00f4me","og_url":"https:\/\/campome.com\/index.php\/agriculture\/","og_site_name":"Mairie de Camp\u00f4me","article_modified_time":"2025-03-04T10:17:52+00:00","twitter_card":"summary_large_image","twitter_misc":{"Dur\u00e9e de lecture estim\u00e9e":"1 minute"},"schema":{"@context":"https:\/\/schema.org","@graph":[{"@type":"WebPage","@id":"https:\/\/campome.com\/index.php\/agriculture\/","url":"https:\/\/campome.com\/index.php\/agriculture\/","name":"Agriculture - Mairie de Camp\u00f4me","isPartOf":{"@id":"https:\/\/campome.com\/#website"},"datePublished":"2020-11-07T15:15:36+00:00","dateModified":"2025-03-04T10:17:52+00:00","breadcrumb":{"@id":"https:\/\/campome.com\/index.php\/agriculture\/#breadcrumb"},"inLanguage":"fr-FR","potentialAction":[{"@type":"ReadAction","target":["https:\/\/campome.com\/index.php\/agriculture\/"]}]},{"@type":"BreadcrumbList","@id":"https:\/\/campome.com\/index.php\/agriculture\/#breadcrumb","itemListElement":[{"@type":"ListItem","position":1,"name":"Accueil","item":"https:\/\/campome.com\/"},{"@type":"ListItem","position":2,"name":"Agriculture"}]},{"@type":"WebSite","@id":"https:\/\/campome.com\/#website","url":"https:\/\/campome.com\/","name":"Mairie de Camp\u00f4me","description":"Bienvenue sur le site de la mairie de Camp\u00f4me","potentialAction":[{"@type":"SearchAction","target":{"@type":"EntryPoint","urlTemplate":"https:\/\/campome.com\/?s={search_term_string}"},"query-input":{"@type":"PropertyValueSpecification","valueRequired":true,"valueName":"search_term_string"}}],"inLanguage":"fr-FR"}]}},"_links":{"self":[{"href":"https:\/\/campome.com\/index.php\/wp-json\/wp\/v2\/pages\/759","targetHints":{"allow":["GET"]}}],"collection":[{"href":"https:\/\/campome.com\/index.php\/wp-json\/wp\/v2\/pages"}],"about":[{"href":"https:\/\/campome.com\/index.php\/wp-json\/wp\/v2\/types\/page"}],"author":[{"embeddable":true,"href":"https:\/\/campome.com\/index.php\/wp-json\/wp\/v2\/users\/1"}],"replies":[{"embeddable":true,"href":"https:\/\/campome.com\/index.php\/wp-json\/wp\/v2\/comments?post=759"}],"version-history":[{"count":11,"href":"https:\/\/campome.com\/index.php\/wp-json\/wp\/v2\/pages\/759\/revisions"}],"predecessor-version":[{"id":2334,"href":"https:\/\/campome.com\/index.php\/wp-json\/wp\/v2\/pages\/759\/revisions\/2334"}],"wp:attachment":[{"href":"https:\/\/campome.com\/index.php\/wp-json\/wp\/v2\/media?parent=759"}],"curies":[{"name":"wp","href":"https:\/\/api.w.org\/{rel}","templated":true}]}}