{"id":88,"date":"2020-06-23T09:22:22","date_gmt":"2020-06-23T07:22:22","guid":{"rendered":"http:\/\/campome.com\/?page_id=88"},"modified":"2026-04-15T13:01:14","modified_gmt":"2026-04-15T11:01:14","slug":"hebergements","status":"publish","type":"page","link":"https:\/\/campome.com\/index.php\/hebergements\/","title":{"rendered":"G\u00eetes \/ salle polyvalente"},"content":{"rendered":"\n<p>La commune de Camp\u00f4me dispose d&rsquo;une gamme de 7 g\u00eetes ruraux, nich\u00e9s au c\u0153ur du village et d&rsquo;une salle polyvalente. Parmi ceux-ci, nous pouvons vous proposer une s\u00e9lection de logements am\u00e9nag\u00e9s dans l&rsquo;ancien presbyt\u00e8re ou encore au sein d&rsquo;anciennes maisons en pierres restaur\u00e9es. Celles ci sont tr\u00e8s appr\u00e9ciables et r\u00e9put\u00e9es pour garder la fra\u00eecheur dans les murs en \u00e9t\u00e9 et par grosse chaleur.<\/p>\n\n\n\n<p>La capacit\u00e9 d&rsquo;accueil de chaque h\u00e9bergement varie en fonction des diff\u00e9rents g\u00eetes de 2 \u00e0 4 personnes. Deux d&rsquo;entre eux sont particuli\u00e8rement am\u00e9nag\u00e9s pour accueillir des personnes \u00e0 mobilit\u00e9 r\u00e9duite.<\/p>\n\n\n\n<p>A noter que pour le bonheur des camp\u00f4mois, les cloches de l&rsquo;\u00e9glise sonnent les heures, le coq chante et les \u00e2nes ricanent !<\/p>\n\n\n\n<p>Faites votre choix parmi les h\u00e9bergements suivants : le <a href=\"http:\/\/campome.com\/index.php\/gite-le-castellane\/\" target=\"_blank\" rel=\"noreferrer noopener\">Castellane<\/a>, le <a href=\"http:\/\/campome.com\/index.php\/gite-la-fontaine\/\" target=\"_blank\" rel=\"noreferrer noopener\">Fontaine<\/a>, le <a href=\"http:\/\/campome.com\/index.php\/gite-col-de-jau\/\" target=\"_blank\" rel=\"noreferrer noopener\">Col de Jau,<\/a> le <a href=\"http:\/\/campome.com\/index.php\/gite-tramontane\/\" target=\"_blank\" rel=\"noreferrer noopener\">Tramontane<\/a>, le <a href=\"http:\/\/campome.com\/index.php\/gite-le-presbytere\/\" target=\"_blank\" rel=\"noreferrer noopener\">Presbyt\u00e8re<\/a>, le<a href=\"http:\/\/campome.com\/index.php\/gite-le-clocher\/\" target=\"_blank\" rel=\"noreferrer noopener\"> Clocher<\/a>, le <a href=\"http:\/\/campome.com\/index.php\/gite-st-esteve\/\" target=\"_blank\" rel=\"noreferrer noopener\">St Est\u00e8ve<\/a> ou <a href=\"https:\/\/campome.com\/index.php\/chambre-eglise\/\">Chambre \u00ab&nbsp;Eglise&nbsp;\u00bb  (Accueil v\u00e9lo)<\/a>.<\/p>\n","protected":false},"excerpt":{"rendered":"<p>La commune de Camp\u00f4me dispose d&rsquo;une gamme de 7 g\u00eetes ruraux, nich\u00e9s au c\u0153ur du village et d&rsquo;une salle polyvalente. Parmi ceux-ci, nous pouvons vous proposer une s\u00e9lection de logements am\u00e9nag\u00e9s dans l&rsquo;ancien presbyt\u00e8re ou encore au sein d&rsquo;anciennes maisons en pierres restaur\u00e9es. Celles ci sont tr\u00e8s appr\u00e9ciables et r\u00e9put\u00e9es pour garder la fra\u00eecheur dans [&hellip;]<\/p>\n","protected":false},"author":1,"featured_media":0,"parent":0,"menu_order":0,"comment_status":"closed","ping_status":"closed","template":"full-width-page-template.php","meta":{"_monsterinsights_skip_tracking":false,"_monsterinsights_sitenote_active":false,"_monsterinsights_sitenote_note":"","_monsterinsights_sitenote_category":0,"footnotes":""},"class_list":["post-88","page","type-page","status-publish","hentry"],"yoast_head":"<!-- This site is optimized with the Yoast SEO plugin v27.4 - https:\/\/yoast.com\/product\/yoast-seo-wordpress\/ -->\n<title>G\u00eetes \/ salle polyvalente - Mairie de Camp\u00f4me<\/title>\n<meta name=\"robots\" content=\"index, follow, max-snippet:-1, max-image-preview:large, max-video-preview:-1\" \/>\n<link rel=\"canonical\" href=\"https:\/\/campome.com\/index.php\/hebergements\/\" \/>\n<meta property=\"og:locale\" content=\"fr_FR\" \/>\n<meta property=\"og:type\" content=\"article\" \/>\n<meta property=\"og:title\" content=\"G\u00eetes \/ salle polyvalente - Mairie de Camp\u00f4me\" \/>\n<meta property=\"og:description\" content=\"La commune de Camp\u00f4me dispose d&rsquo;une gamme de 7 g\u00eetes ruraux, nich\u00e9s au c\u0153ur du village et d&rsquo;une salle polyvalente. Parmi ceux-ci, nous pouvons vous proposer une s\u00e9lection de logements am\u00e9nag\u00e9s dans l&rsquo;ancien presbyt\u00e8re ou encore au sein d&rsquo;anciennes maisons en pierres restaur\u00e9es. Celles ci sont tr\u00e8s appr\u00e9ciables et r\u00e9put\u00e9es pour garder la fra\u00eecheur dans [&hellip;]\" \/>\n<meta property=\"og:url\" content=\"https:\/\/campome.com\/index.php\/hebergements\/\" \/>\n<meta property=\"og:site_name\" content=\"Mairie de Camp\u00f4me\" \/>\n<meta property=\"article:modified_time\" content=\"2026-04-15T11:01:14+00:00\" \/>\n<meta name=\"twitter:card\" content=\"summary_large_image\" \/>\n<meta name=\"twitter:label1\" content=\"Dur\u00e9e de lecture estim\u00e9e\" \/>\n\t<meta name=\"twitter:data1\" content=\"1 minute\" \/>\n<script type=\"application\/ld+json\" class=\"yoast-schema-graph\">{\"@context\":\"https:\\\/\\\/schema.org\",\"@graph\":[{\"@type\":\"WebPage\",\"@id\":\"https:\\\/\\\/campome.com\\\/index.php\\\/hebergements\\\/\",\"url\":\"https:\\\/\\\/campome.com\\\/index.php\\\/hebergements\\\/\",\"name\":\"G\u00eetes \\\/ salle polyvalente - Mairie de Camp\u00f4me\",\"isPartOf\":{\"@id\":\"https:\\\/\\\/campome.com\\\/#website\"},\"datePublished\":\"2020-06-23T07:22:22+00:00\",\"dateModified\":\"2026-04-15T11:01:14+00:00\",\"breadcrumb\":{\"@id\":\"https:\\\/\\\/campome.com\\\/index.php\\\/hebergements\\\/#breadcrumb\"},\"inLanguage\":\"fr-FR\",\"potentialAction\":[{\"@type\":\"ReadAction\",\"target\":[\"https:\\\/\\\/campome.com\\\/index.php\\\/hebergements\\\/\"]}]},{\"@type\":\"BreadcrumbList\",\"@id\":\"https:\\\/\\\/campome.com\\\/index.php\\\/hebergements\\\/#breadcrumb\",\"itemListElement\":[{\"@type\":\"ListItem\",\"position\":1,\"name\":\"Accueil\",\"item\":\"https:\\\/\\\/campome.com\\\/\"},{\"@type\":\"ListItem\",\"position\":2,\"name\":\"G\u00eetes \\\/ salle polyvalente\"}]},{\"@type\":\"WebSite\",\"@id\":\"https:\\\/\\\/campome.com\\\/#website\",\"url\":\"https:\\\/\\\/campome.com\\\/\",\"name\":\"Mairie de Camp\u00f4me\",\"description\":\"Bienvenue sur le site de la mairie de Camp\u00f4me\",\"potentialAction\":[{\"@type\":\"SearchAction\",\"target\":{\"@type\":\"EntryPoint\",\"urlTemplate\":\"https:\\\/\\\/campome.com\\\/?s={search_term_string}\"},\"query-input\":{\"@type\":\"PropertyValueSpecification\",\"valueRequired\":true,\"valueName\":\"search_term_string\"}}],\"inLanguage\":\"fr-FR\"}]}<\/script>\n<!-- \/ Yoast SEO plugin. -->","yoast_head_json":{"title":"G\u00eetes \/ salle polyvalente - Mairie de Camp\u00f4me","robots":{"index":"index","follow":"follow","max-snippet":"max-snippet:-1","max-image-preview":"max-image-preview:large","max-video-preview":"max-video-preview:-1"},"canonical":"https:\/\/campome.com\/index.php\/hebergements\/","og_locale":"fr_FR","og_type":"article","og_title":"G\u00eetes \/ salle polyvalente - Mairie de Camp\u00f4me","og_description":"La commune de Camp\u00f4me dispose d&rsquo;une gamme de 7 g\u00eetes ruraux, nich\u00e9s au c\u0153ur du village et d&rsquo;une salle polyvalente. Parmi ceux-ci, nous pouvons vous proposer une s\u00e9lection de logements am\u00e9nag\u00e9s dans l&rsquo;ancien presbyt\u00e8re ou encore au sein d&rsquo;anciennes maisons en pierres restaur\u00e9es. Celles ci sont tr\u00e8s appr\u00e9ciables et r\u00e9put\u00e9es pour garder la fra\u00eecheur dans [&hellip;]","og_url":"https:\/\/campome.com\/index.php\/hebergements\/","og_site_name":"Mairie de Camp\u00f4me","article_modified_time":"2026-04-15T11:01:14+00:00","twitter_card":"summary_large_image","twitter_misc":{"Dur\u00e9e de lecture estim\u00e9e":"1 minute"},"schema":{"@context":"https:\/\/schema.org","@graph":[{"@type":"WebPage","@id":"https:\/\/campome.com\/index.php\/hebergements\/","url":"https:\/\/campome.com\/index.php\/hebergements\/","name":"G\u00eetes \/ salle polyvalente - Mairie de Camp\u00f4me","isPartOf":{"@id":"https:\/\/campome.com\/#website"},"datePublished":"2020-06-23T07:22:22+00:00","dateModified":"2026-04-15T11:01:14+00:00","breadcrumb":{"@id":"https:\/\/campome.com\/index.php\/hebergements\/#breadcrumb"},"inLanguage":"fr-FR","potentialAction":[{"@type":"ReadAction","target":["https:\/\/campome.com\/index.php\/hebergements\/"]}]},{"@type":"BreadcrumbList","@id":"https:\/\/campome.com\/index.php\/hebergements\/#breadcrumb","itemListElement":[{"@type":"ListItem","position":1,"name":"Accueil","item":"https:\/\/campome.com\/"},{"@type":"ListItem","position":2,"name":"G\u00eetes \/ salle polyvalente"}]},{"@type":"WebSite","@id":"https:\/\/campome.com\/#website","url":"https:\/\/campome.com\/","name":"Mairie de Camp\u00f4me","description":"Bienvenue sur le site de la mairie de Camp\u00f4me","potentialAction":[{"@type":"SearchAction","target":{"@type":"EntryPoint","urlTemplate":"https:\/\/campome.com\/?s={search_term_string}"},"query-input":{"@type":"PropertyValueSpecification","valueRequired":true,"valueName":"search_term_string"}}],"inLanguage":"fr-FR"}]}},"_links":{"self":[{"href":"https:\/\/campome.com\/index.php\/wp-json\/wp\/v2\/pages\/88","targetHints":{"allow":["GET"]}}],"collection":[{"href":"https:\/\/campome.com\/index.php\/wp-json\/wp\/v2\/pages"}],"about":[{"href":"https:\/\/campome.com\/index.php\/wp-json\/wp\/v2\/types\/page"}],"author":[{"embeddable":true,"href":"https:\/\/campome.com\/index.php\/wp-json\/wp\/v2\/users\/1"}],"replies":[{"embeddable":true,"href":"https:\/\/campome.com\/index.php\/wp-json\/wp\/v2\/comments?post=88"}],"version-history":[{"count":11,"href":"https:\/\/campome.com\/index.php\/wp-json\/wp\/v2\/pages\/88\/revisions"}],"predecessor-version":[{"id":2608,"href":"https:\/\/campome.com\/index.php\/wp-json\/wp\/v2\/pages\/88\/revisions\/2608"}],"wp:attachment":[{"href":"https:\/\/campome.com\/index.php\/wp-json\/wp\/v2\/media?parent=88"}],"curies":[{"name":"wp","href":"https:\/\/api.w.org\/{rel}","templated":true}]}}